{"id":8197,"date":"2026-03-14T22:39:20","date_gmt":"2026-03-14T20:39:20","guid":{"rendered":"https:\/\/www.alajarvenankkurit.fi\/yleisurheilu\/?page_id=8197"},"modified":"2026-03-14T22:42:01","modified_gmt":"2026-03-14T20:42:01","slug":"kunniakierrostapahtuma-ma-25-5-2026-klo-18-ankkurikentalla","status":"publish","type":"page","link":"https:\/\/www.alajarvenankkurit.fi\/yleisurheilu\/kunniakierros\/kunniakierrostapahtuma-ma-25-5-2026-klo-18-ankkurikentalla\/","title":{"rendered":"Kunniakierrostapahtuma ma 25.5.2026 klo 18 Ankkurikent\u00e4ll\u00e4!"},"content":{"rendered":"\n<p>Kunniakierrosker\u00e4\u00e4j\u00e4t (linkki tulee my\u00f6hemmin&#8230;)<\/p>\n\n\n\n<p>Kaikki ovat tervetulleita kunniakierrostapahtumaan, jossa kuntoillaan 60 minuuttia hyv\u00e4ss\u00e4 hengess\u00e4 ik\u00e4\u00e4n tai kuntoon katsomatta. Tule mukaan tukijaksi t\u00e4h\u00e4n jo 44 vuotta jatkuneeseen ker\u00e4ykseen tai liikkumaan itse! Samalla tapaat seuran nuoria urheilijoita, joihin ker\u00e4tty tuki kohdistuu. Osallistujien kesken arvomme my\u00f6s muutamia tuotepalkintoja!<\/p>\n\n\n\n<p>Kunniakierros on Suomen Urheiluliiton ja sen j\u00e4senseurojen yhteinen varainkeruukampanja, jonka urheiluseurat organisoivat paikallisesti. Kunniakierrosperinne on jatkunut jo yli 40 vuotta ja seurat ovat ker\u00e4nneet varoja toimintaansa l\u00e4hes 37 miljoonaa euroa! Kampanjan tuotto k\u00e4ytet\u00e4\u00e4n yleisurheiluty\u00f6h\u00f6n yleisurheiluseurojen hyv\u00e4ksi. J\u00e4rjest\u00e4v\u00e4n seuran osuus tuotosta on v\u00e4hint\u00e4\u00e4n 80%.<\/p>\n\n\n\n<p>Kunniakierroksen ideana on haastaa seurav\u00e4ki ker\u00e4\u00e4m\u00e4\u00e4n tukijoita yrityksilt\u00e4 tai yksityishenkil\u00f6ilt\u00e4. Ker\u00e4ys tapahtuu <a href=\"https:\/\/www.kunniakierros.fi\/_am_fileupload\/Upload\/get\/ecb4b85d-2618-4581-8b9a-c4a3bd7c2f6b.pdf?key=FE8B2FB566F8E3EE11FF164CCC47985A5D84424E01356E19A98EA4329283AA52CC7E9DD003C2A43B5AF85EA1F7D3A6393607713E6EBF2EFBFBC8A2303C3A2D58D184203AB3117EBBE8D1E2A8A1FCA523A1FAE08A64B904144BFCCF46C1E36EE76974A9F142FB38E42D2391EB0F102D1B4D2D140A7ADF8F0CA37819153FAF8E4C0AEF63C571746130B02305019E6C7BEC\" id=\"https:\/\/www.kunniakierros.fi\/_am_fileupload\/Upload\/get\/ecb4b85d-2618-4581-8b9a-c4a3bd7c2f6b.pdf?key=FE8B2FB566F8E3EE11FF164CCC47985A5D84424E01356E19A98EA4329283AA52CC7E9DD003C2A43B5AF85EA1F7D3A6393607713E6EBF2EFBFBC8A2303C3A2D58D184203AB3117EBBE8D1E2A8A1FCA523A1FAE08A64B904144BFCCF46C1E36EE76974A9F142FB38E42D2391EB0F102D1B4D2D140A7ADF8F0CA37819153FAF8E4C0AEF63C571746130B02305019E6C7BEC\" target=\"_blank\" rel=\"noreferrer noopener\">ker\u00e4yslomakkeilla<\/a> tai vain ilmoittamalla osallistumisestaan\u00a0<a href=\"http:\/\/www.alajarvenankkurit.fi\/yleisurheilu\/yhteystiedot\/\" target=\"_blank\" rel=\"noreferrer noopener\">jaoston j\u00e4senille<\/a>! Minimi tukisumma on 15 euroa ja k\u00e4teismaksuja ei saa ker\u00e4t\u00e4. Luvatuista tukisummista l\u00e4hetet\u00e4\u00e4n laskut s\u00e4hk\u00f6postitse tai paperipostina kunniakierrostapahtuman j\u00e4lkeen. Sivun alkuun tulee linkki, josta p\u00e4\u00e4set vuoden 2026 ker\u00e4\u00e4jien listaan (mukaan voi ilmoittautua!). Ker\u00e4\u00e4j\u00e4n nimest\u00e4 klikkaamalla voi helposti ilmoittautua tukijaksi! Lis\u00e4tietoja yleisurheilujaoston s\u00e4hk\u00f6postiosoitteesta (yleisurheilu@alajarvenankkurit.fi) tai suoraan\u00a0<a href=\"http:\/\/www.alajarvenankkurit.fi\/yleisurheilu\/yhteystiedot\/\" target=\"_blank\" rel=\"noreferrer noopener\">jaoston j\u00e4senilt\u00e4<\/a>!<\/p>\n\n\n\n<p>Valtakunnalliselta&nbsp;<a href=\"https:\/\/kunniakierros.fi\/fi\/public\" target=\"_blank\" rel=\"noreferrer noopener\">www.kunniakierros.fi<\/a>&nbsp;-sivulta l\u00f6ytyy lis\u00e4\u00e4 tietoa tapahtumasta ja voi seurata ker\u00e4ystilannetta.<\/p>\n\n\n\n<figure class=\"wp-block-gallery has-nested-images columns-2 wp-block-gallery-1 is-layout-flex wp-block-gallery-is-layout-flex\">\n<figure class=\"wp-block-image size-large\"><img loading=\"lazy\" decoding=\"async\" width=\"571\" height=\"641\" data-id=\"8203\" src=\"https:\/\/www.alajarvenankkurit.fi\/yleisurheilu\/wp-content\/uploads\/sites\/2\/2026\/03\/Sisumaastot_2025-2.jpg\" alt=\"\" class=\"wp-image-8203\" srcset=\"https:\/\/www.alajarvenankkurit.fi\/yleisurheilu\/wp-content\/uploads\/sites\/2\/2026\/03\/Sisumaastot_2025-2.jpg 571w, https:\/\/www.alajarvenankkurit.fi\/yleisurheilu\/wp-content\/uploads\/sites\/2\/2026\/03\/Sisumaastot_2025-2-267x300.jpg 267w\" sizes=\"auto, (max-width: 571px) 100vw, 571px\" \/><\/figure>\n\n\n\n<figure class=\"wp-block-image size-large\"><img loading=\"lazy\" decoding=\"async\" width=\"222\" height=\"148\" data-id=\"8202\" src=\"https:\/\/www.alajarvenankkurit.fi\/yleisurheilu\/wp-content\/uploads\/sites\/2\/2026\/03\/Kunniakierros_2023_pieni-2.jpg\" alt=\"\" class=\"wp-image-8202\" \/><\/figure>\n\n\n\n<figure class=\"wp-block-image size-full\"><img loading=\"lazy\" decoding=\"async\" width=\"1600\" height=\"1200\" data-id=\"8204\" src=\"https:\/\/www.alajarvenankkurit.fi\/yleisurheilu\/wp-content\/uploads\/sites\/2\/2026\/03\/SM_viestitytot_2025.jpg\" alt=\"\" class=\"wp-image-8204\" srcset=\"https:\/\/www.alajarvenankkurit.fi\/yleisurheilu\/wp-content\/uploads\/sites\/2\/2026\/03\/SM_viestitytot_2025.jpg 1600w, https:\/\/www.alajarvenankkurit.fi\/yleisurheilu\/wp-content\/uploads\/sites\/2\/2026\/03\/SM_viestitytot_2025-300x225.jpg 300w, https:\/\/www.alajarvenankkurit.fi\/yleisurheilu\/wp-content\/uploads\/sites\/2\/2026\/03\/SM_viestitytot_2025-768x576.jpg 768w, https:\/\/www.alajarvenankkurit.fi\/yleisurheilu\/wp-content\/uploads\/sites\/2\/2026\/03\/SM_viestitytot_2025-1536x1152.jpg 1536w\" sizes=\"auto, (max-width: 767px) 89vw, (max-width: 1000px) 54vw, (max-width: 1071px) 543px, 580px\" \/><\/figure>\n<\/figure>\n","protected":false},"excerpt":{"rendered":"<p>Kunniakierrosker\u00e4\u00e4j\u00e4t (linkki tulee my\u00f6hemmin&#8230;) Kaikki ovat tervetulleita kunniakierrostapahtumaan, jossa kuntoillaan 60 minuuttia hyv\u00e4ss\u00e4 hengess\u00e4 ik\u00e4\u00e4n tai kuntoon katsomatta. Tule mukaan tukijaksi t\u00e4h\u00e4n jo 44 vuotta jatkuneeseen ker\u00e4ykseen tai liikkumaan itse! Samalla tapaat seuran nuoria urheilijoita, joihin ker\u00e4tty tuki kohdistuu. Osallistujien kesken arvomme my\u00f6s muutamia tuotepalkintoja! Kunniakierros on Suomen Urheiluliiton ja sen j\u00e4senseurojen yhteinen varainkeruukampanja, jonka &hellip; <\/p>\n<p class=\"link-more\"><a href=\"https:\/\/www.alajarvenankkurit.fi\/yleisurheilu\/kunniakierros\/kunniakierrostapahtuma-ma-25-5-2026-klo-18-ankkurikentalla\/\" class=\"more-link\">Jatka lukemista<span class=\"screen-reader-text\"> &#8221;Kunniakierrostapahtuma ma 25.5.2026 klo 18 Ankkurikent\u00e4ll\u00e4!&#8221;<\/span><\/a><\/p>\n","protected":false},"author":5,"featured_media":0,"parent":478,"menu_order":0,"comment_status":"closed","ping_status":"closed","template":"","meta":{"footnotes":""},"class_list":["post-8197","page","type-page","status-publish","hentry"],"_links":{"self":[{"href":"https:\/\/www.alajarvenankkurit.fi\/yleisurheilu\/wp-json\/wp\/v2\/pages\/8197","targetHints":{"allow":["GET"]}}],"collection":[{"href":"https:\/\/www.alajarvenankkurit.fi\/yleisurheilu\/wp-json\/wp\/v2\/pages"}],"about":[{"href":"https:\/\/www.alajarvenankkurit.fi\/yleisurheilu\/wp-json\/wp\/v2\/types\/page"}],"author":[{"embeddable":true,"href":"https:\/\/www.alajarvenankkurit.fi\/yleisurheilu\/wp-json\/wp\/v2\/users\/5"}],"replies":[{"embeddable":true,"href":"https:\/\/www.alajarvenankkurit.fi\/yleisurheilu\/wp-json\/wp\/v2\/comments?post=8197"}],"version-history":[{"count":2,"href":"https:\/\/www.alajarvenankkurit.fi\/yleisurheilu\/wp-json\/wp\/v2\/pages\/8197\/revisions"}],"predecessor-version":[{"id":8207,"href":"https:\/\/www.alajarvenankkurit.fi\/yleisurheilu\/wp-json\/wp\/v2\/pages\/8197\/revisions\/8207"}],"up":[{"embeddable":true,"href":"https:\/\/www.alajarvenankkurit.fi\/yleisurheilu\/wp-json\/wp\/v2\/pages\/478"}],"wp:attachment":[{"href":"https:\/\/www.alajarvenankkurit.fi\/yleisurheilu\/wp-json\/wp\/v2\/media?parent=8197"}],"curies":[{"name":"wp","href":"https:\/\/api.w.org\/{rel}","templated":true}]}}