{"id":7465,"date":"2025-04-27T08:43:57","date_gmt":"2025-04-27T05:43:57","guid":{"rendered":"https:\/\/www.alajarvenankkurit.fi\/yleisurheilu\/?page_id=7465"},"modified":"2025-05-17T11:54:40","modified_gmt":"2025-05-17T08:54:40","slug":"kunniakierros-2025-keraajat","status":"publish","type":"page","link":"https:\/\/www.alajarvenankkurit.fi\/yleisurheilu\/kunniakierros-2025-keraajat\/","title":{"rendered":"Kunniakierros 2025 &#8211; ker\u00e4\u00e4j\u00e4t"},"content":{"rendered":"\n<p><strong>Linkit ovat toiminnassa syksyyn 2025 saakka!<\/strong> Ker\u00e4\u00e4j\u00e4n linkki\u00e4 klikkaamalla p\u00e4\u00e4set helposti ilmoittautumaan tukijaksi.<\/p>\n\n\n\n<p>Alaj\u00e4rven Ankkurit Yleisurheilu (t\u00e4h\u00e4n EI kierrosmaksuja!)<br><a href=\"https:\/\/kunniakierros.fi\/fi\/sponsor\/join\/65661\" target=\"_blank\" rel=\"noreferrer noopener\">https:\/\/kunniakierros.fi\/fi\/sponsor\/join\/65661<\/a><\/p>\n\n\n\n<p>Liinu J\u00e4rvinen<br><a href=\"https:\/\/kunniakierros.fi\/fi\/sponsor\/join\/67099\" target=\"_blank\" rel=\"noreferrer noopener\">https:\/\/kunniakierros.fi\/fi\/sponsor\/join\/67099<\/a><\/p>\n\n\n\n<p>Milja-Maria Lahti<br><a href=\"https:\/\/kunniakierros.fi\/fi\/sponsor\/join\/65662\" target=\"_blank\" rel=\"noreferrer noopener\">https:\/\/kunniakierros.fi\/fi\/sponsor\/join\/65662<\/a><\/p>\n\n\n\n<p><\/p>\n\n\n\n<p>Katariina Lepp\u00e4aho<br><a href=\"https:\/\/kunniakierros.fi\/fi\/sponsor\/join\/65664\" target=\"_blank\" rel=\"noreferrer noopener\">https:\/\/kunniakierros.fi\/fi\/sponsor\/join\/65664<\/a><\/p>\n\n\n\n<p>Emma Paalij\u00e4rvi<br><a href=\"https:\/\/kunniakierros.fi\/fi\/sponsor\/join\/65666\" target=\"_blank\" rel=\"noreferrer noopener\">https:\/\/kunniakierros.fi\/fi\/sponsor\/join\/65666<\/a><\/p>\n\n\n\n<p>Emmi Pitk\u00e4kangas<br><a href=\"https:\/\/kunniakierros.fi\/fi\/sponsor\/join\/67100\" target=\"_blank\" rel=\"noreferrer noopener\">https:\/\/kunniakierros.fi\/fi\/sponsor\/join\/67100<\/a><\/p>\n\n\n\n<p>Tapio Rajala<br><a href=\"https:\/\/kunniakierros.fi\/fi\/sponsor\/join\/65667\" target=\"_blank\" rel=\"noreferrer noopener\">https:\/\/kunniakierros.fi\/fi\/sponsor\/join\/65667<\/a><\/p>\n\n\n\n<p>Hanna Siiril\u00e4<br><a href=\"https:\/\/kunniakierros.fi\/fi\/sponsor\/join\/65668\" target=\"_blank\" rel=\"noreferrer noopener\">https:\/\/kunniakierros.fi\/fi\/sponsor\/join\/65668<\/a><\/p>\n\n\n\n<p>Ilona Takala<br><a href=\"https:\/\/kunniakierros.fi\/fi\/sponsor\/join\/65669\" target=\"_blank\" rel=\"noreferrer noopener\">https:\/\/kunniakierros.fi\/fi\/sponsor\/join\/65669<\/a><\/p>\n\n\n\n<p>Jani Vuorela<br><a href=\"https:\/\/kunniakierros.fi\/fi\/sponsor\/join\/65670\" target=\"_blank\" rel=\"noreferrer noopener\">https:\/\/kunniakierros.fi\/fi\/sponsor\/join\/65670<\/a><\/p>\n\n\n\n<p>Sara Vuorela<br><a href=\"https:\/\/kunniakierros.fi\/fi\/sponsor\/join\/65671\" target=\"_blank\" rel=\"noreferrer noopener\">https:\/\/kunniakierros.fi\/fi\/sponsor\/join\/65671<\/a><\/p>\n\n\n\n<p>Aleksi Yli-Mannila<br><a href=\"https:\/\/kunniakierros.fi\/fi\/sponsor\/join\/65672\" target=\"_blank\" rel=\"noreferrer noopener\">https:\/\/kunniakierros.fi\/fi\/sponsor\/join\/65672<\/a><\/p>\n\n\n\n<p>Olavi Yli-Mannila<br><a href=\"https:\/\/kunniakierros.fi\/fi\/sponsor\/join\/65673\" target=\"_blank\" rel=\"noreferrer noopener\">https:\/\/kunniakierros.fi\/fi\/sponsor\/join\/65673<\/a><\/p>\n","protected":false},"excerpt":{"rendered":"<p>Linkit ovat toiminnassa syksyyn 2025 saakka! Ker\u00e4\u00e4j\u00e4n linkki\u00e4 klikkaamalla p\u00e4\u00e4set helposti ilmoittautumaan tukijaksi. Alaj\u00e4rven Ankkurit Yleisurheilu (t\u00e4h\u00e4n EI kierrosmaksuja!)https:\/\/kunniakierros.fi\/fi\/sponsor\/join\/65661 Liinu J\u00e4rvinenhttps:\/\/kunniakierros.fi\/fi\/sponsor\/join\/67099 Milja-Maria Lahtihttps:\/\/kunniakierros.fi\/fi\/sponsor\/join\/65662 Katariina Lepp\u00e4ahohttps:\/\/kunniakierros.fi\/fi\/sponsor\/join\/65664 Emma Paalij\u00e4rvihttps:\/\/kunniakierros.fi\/fi\/sponsor\/join\/65666 Emmi Pitk\u00e4kangashttps:\/\/kunniakierros.fi\/fi\/sponsor\/join\/67100 Tapio Rajalahttps:\/\/kunniakierros.fi\/fi\/sponsor\/join\/65667 Hanna Siiril\u00e4https:\/\/kunniakierros.fi\/fi\/sponsor\/join\/65668 Ilona Takalahttps:\/\/kunniakierros.fi\/fi\/sponsor\/join\/65669 Jani Vuorelahttps:\/\/kunniakierros.fi\/fi\/sponsor\/join\/65670 Sara Vuorelahttps:\/\/kunniakierros.fi\/fi\/sponsor\/join\/65671 Aleksi Yli-Mannilahttps:\/\/kunniakierros.fi\/fi\/sponsor\/join\/65672 Olavi Yli-Mannilahttps:\/\/kunniakierros.fi\/fi\/sponsor\/join\/65673<\/p>\n","protected":false},"author":1,"featured_media":0,"parent":0,"menu_order":0,"comment_status":"closed","ping_status":"closed","template":"","meta":{"footnotes":""},"class_list":["post-7465","page","type-page","status-publish","hentry"],"_links":{"self":[{"href":"https:\/\/www.alajarvenankkurit.fi\/yleisurheilu\/wp-json\/wp\/v2\/pages\/7465","targetHints":{"allow":["GET"]}}],"collection":[{"href":"https:\/\/www.alajarvenankkurit.fi\/yleisurheilu\/wp-json\/wp\/v2\/pages"}],"about":[{"href":"https:\/\/www.alajarvenankkurit.fi\/yleisurheilu\/wp-json\/wp\/v2\/types\/page"}],"author":[{"embeddable":true,"href":"https:\/\/www.alajarvenankkurit.fi\/yleisurheilu\/wp-json\/wp\/v2\/users\/1"}],"replies":[{"embeddable":true,"href":"https:\/\/www.alajarvenankkurit.fi\/yleisurheilu\/wp-json\/wp\/v2\/comments?post=7465"}],"version-history":[{"count":9,"href":"https:\/\/www.alajarvenankkurit.fi\/yleisurheilu\/wp-json\/wp\/v2\/pages\/7465\/revisions"}],"predecessor-version":[{"id":7516,"href":"https:\/\/www.alajarvenankkurit.fi\/yleisurheilu\/wp-json\/wp\/v2\/pages\/7465\/revisions\/7516"}],"wp:attachment":[{"href":"https:\/\/www.alajarvenankkurit.fi\/yleisurheilu\/wp-json\/wp\/v2\/media?parent=7465"}],"curies":[{"name":"wp","href":"https:\/\/api.w.org\/{rel}","templated":true}]}}

Kunniakierros 2025 &#8211; kerääjät

<p><strong>Linkit ovat toiminnassa syksyyn 2025 saakka!</strong> Kerääjän linkkiä klikkaamalla pääset helposti ilmoittautumaan tukijaksi.</p>



<p>Alajärven Ankkurit Yleisurheilu (tähän EI kierrosmaksuja!)<br><a href="https://kunniakierros.fi/fi/sponsor/join/65661" target="_blank" rel="noreferrer noopener">https://kunniakierros.fi/fi/sponsor/join/65661</a></p>



<p>Liinu Järvinen<br><a href="https://kunniakierros.fi/fi/sponsor/join/67099" target="_blank" rel="noreferrer noopener">https://kunniakierros.fi/fi/sponsor/join/67099</a></p>



<p>Milja-Maria Lahti<br><a href="https://kunniakierros.fi/fi/sponsor/join/65662" target="_blank" rel="noreferrer noopener">https://kunniakierros.fi/fi/sponsor/join/65662</a></p>



<p></p>



<p>Katariina Leppäaho<br><a href="https://kunniakierros.fi/fi/sponsor/join/65664" target="_blank" rel="noreferrer noopener">https://kunniakierros.fi/fi/sponsor/join/65664</a></p>



<p>Emma Paalijärvi<br><a href="https://kunniakierros.fi/fi/sponsor/join/65666" target="_blank" rel="noreferrer noopener">https://kunniakierros.fi/fi/sponsor/join/65666</a></p>



<p>Emmi Pitkäkangas<br><a href="https://kunniakierros.fi/fi/sponsor/join/67100" target="_blank" rel="noreferrer noopener">https://kunniakierros.fi/fi/sponsor/join/67100</a></p>



<p>Tapio Rajala<br><a href="https://kunniakierros.fi/fi/sponsor/join/65667" target="_blank" rel="noreferrer noopener">https://kunniakierros.fi/fi/sponsor/join/65667</a></p>



<p>Hanna Siirilä<br><a href="https://kunniakierros.fi/fi/sponsor/join/65668" target="_blank" rel="noreferrer noopener">https://kunniakierros.fi/fi/sponsor/join/65668</a></p>



<p>Ilona Takala<br><a href="https://kunniakierros.fi/fi/sponsor/join/65669" target="_blank" rel="noreferrer noopener">https://kunniakierros.fi/fi/sponsor/join/65669</a></p>



<p>Jani Vuorela<br><a href="https://kunniakierros.fi/fi/sponsor/join/65670" target="_blank" rel="noreferrer noopener">https://kunniakierros.fi/fi/sponsor/join/65670</a></p>



<p>Sara Vuorela<br><a href="https://kunniakierros.fi/fi/sponsor/join/65671" target="_blank" rel="noreferrer noopener">https://kunniakierros.fi/fi/sponsor/join/65671</a></p>



<p>Aleksi Yli-Mannila<br><a href="https://kunniakierros.fi/fi/sponsor/join/65672" target="_blank" rel="noreferrer noopener">https://kunniakierros.fi/fi/sponsor/join/65672</a></p>



<p>Olavi Yli-Mannila<br><a href="https://kunniakierros.fi/fi/sponsor/join/65673" target="_blank" rel="noreferrer noopener">https://kunniakierros.fi/fi/sponsor/join/65673</a></p>

<p>Linkit ovat toiminnassa syksyyn 2025 saakka! Kerääjän linkkiä klikkaamalla pääset helposti ilmoittautumaan tukijaksi. Alajärven Ankkurit Yleisurheilu (tähän EI kierrosmaksuja!)https://kunniakierros.fi/fi/sponsor/join/65661 Liinu Järvinenhttps://kunniakierros.fi/fi/sponsor/join/67099 Milja-Maria Lahtihttps://kunniakierros.fi/fi/sponsor/join/65662 Katariina Leppäahohttps://kunniakierros.fi/fi/sponsor/join/65664 Emma Paalijärvihttps://kunniakierros.fi/fi/sponsor/join/65666 Emmi Pitkäkangashttps://kunniakierros.fi/fi/sponsor/join/67100 Tapio Rajalahttps://kunniakierros.fi/fi/sponsor/join/65667 Hanna Siirilähttps://kunniakierros.fi/fi/sponsor/join/65668 Ilona Takalahttps://kunniakierros.fi/fi/sponsor/join/65669 Jani Vuorelahttps://kunniakierros.fi/fi/sponsor/join/65670 Sara Vuorelahttps://kunniakierros.fi/fi/sponsor/join/65671 Aleksi Yli-Mannilahttps://kunniakierros.fi/fi/sponsor/join/65672 Olavi Yli-Mannilahttps://kunniakierros.fi/fi/sponsor/join/65673</p>
