{"id":635,"date":"2019-10-15T04:26:17","date_gmt":"2019-10-15T01:26:17","guid":{"rendered":"http:\/\/212.66.193.72\/~cp4520516\/yleisurheilu\/?page_id=635"},"modified":"2026-03-14T22:21:47","modified_gmt":"2026-03-14T20:21:47","slug":"parhaat-keraajat","status":"publish","type":"page","link":"https:\/\/www.alajarvenankkurit.fi\/yleisurheilu\/kunniakierros\/parhaat-keraajat\/","title":{"rendered":"Parhaat ker\u00e4\u00e4j\u00e4t"},"content":{"rendered":"\n<h2 class=\"wp-block-heading\">Ankkurien parhaat ker\u00e4\u00e4j\u00e4t<\/h2>\n\n\n\n<ul class=\"wp-block-list\">\n<li>Reijo Virtanen 3775 \u20ac<\/li>\n\n\n\n<li>Tomi Jokela 3516 \u20ac<\/li>\n\n\n\n<li>Emmi-Lotta Taipale 2428 \u20ac<\/li>\n\n\n\n<li>Sampo Sepp\u00e4 2080 \u20ac<\/li>\n\n\n\n<li>Tapio Peltokangas 1695 \u20ac<\/li>\n\n\n\n<li>Tapio Rajala 1425 \u20ac<\/li>\n\n\n\n<li>Juhani Sepp\u00e4 1360 \u20ac<\/li>\n\n\n\n<li>Sirpa Haapa-aho 1256 \u20ac<\/li>\n\n\n\n<li>Antti Iham\u00e4ki 1122 \u20ac<\/li>\n\n\n\n<li>Virpi M\u00e4ntyniemi 975 \u20ac <\/li>\n\n\n\n<li>Emma Paalij\u00e4rvi 940 \u20ac<\/li>\n\n\n\n<li>Pasi Kari 834 \u20ac<\/li>\n\n\n\n<li>Kalle Nyg\u00e5rd 825 \u20ac<\/li>\n\n\n\n<li>Jouni H\u00e4nninen 810 \u20ac<\/li>\n\n\n\n<li>Risto Isotalo 726 \u20ac<\/li>\n\n\n\n<li>Eila Olli 720 \u20ac<\/li>\n\n\n\n<li>Jani Vuorela 610 \u20ac<\/li>\n\n\n\n<li>Lepp\u00e4aho Oskari 550\u20ac<\/li>\n\n\n\n<li>Kuoppa-aho Seliina 498 \u20ac<\/li>\n\n\n\n<li>Lepp\u00e4aho Katariina 490 \u20ac<\/li>\n<\/ul>\n","protected":false},"excerpt":{"rendered":"<p>Ankkurien parhaat ker\u00e4\u00e4j\u00e4t<\/p>\n","protected":false},"author":1,"featured_media":0,"parent":478,"menu_order":0,"comment_status":"closed","ping_status":"closed","template":"","meta":{"footnotes":""},"class_list":["post-635","page","type-page","status-publish","hentry"],"_links":{"self":[{"href":"https:\/\/www.alajarvenankkurit.fi\/yleisurheilu\/wp-json\/wp\/v2\/pages\/635","targetHints":{"allow":["GET"]}}],"collection":[{"href":"https:\/\/www.alajarvenankkurit.fi\/yleisurheilu\/wp-json\/wp\/v2\/pages"}],"about":[{"href":"https:\/\/www.alajarvenankkurit.fi\/yleisurheilu\/wp-json\/wp\/v2\/types\/page"}],"author":[{"embeddable":true,"href":"https:\/\/www.alajarvenankkurit.fi\/yleisurheilu\/wp-json\/wp\/v2\/users\/1"}],"replies":[{"embeddable":true,"href":"https:\/\/www.alajarvenankkurit.fi\/yleisurheilu\/wp-json\/wp\/v2\/comments?post=635"}],"version-history":[{"count":3,"href":"https:\/\/www.alajarvenankkurit.fi\/yleisurheilu\/wp-json\/wp\/v2\/pages\/635\/revisions"}],"predecessor-version":[{"id":8195,"href":"https:\/\/www.alajarvenankkurit.fi\/yleisurheilu\/wp-json\/wp\/v2\/pages\/635\/revisions\/8195"}],"up":[{"embeddable":true,"href":"https:\/\/www.alajarvenankkurit.fi\/yleisurheilu\/wp-json\/wp\/v2\/pages\/478"}],"wp:attachment":[{"href":"https:\/\/www.alajarvenankkurit.fi\/yleisurheilu\/wp-json\/wp\/v2\/media?parent=635"}],"curies":[{"name":"wp","href":"https:\/\/api.w.org\/{rel}","templated":true}]}}

Parhaat kerääjät

<h2 class="wp-block-heading">Ankkurien parhaat kerääjät</h2>



<ul class="wp-block-list">
<li>Reijo Virtanen 3775 €</li>



<li>Tomi Jokela 3516 €</li>



<li>Emmi-Lotta Taipale 2428 €</li>



<li>Sampo Seppä 2080 €</li>



<li>Tapio Peltokangas 1695 €</li>



<li>Tapio Rajala 1425 €</li>



<li>Juhani Seppä 1360 €</li>



<li>Sirpa Haapa-aho 1256 €</li>



<li>Antti Ihamäki 1122 €</li>



<li>Virpi Mäntyniemi 975 € </li>



<li>Emma Paalijärvi 940 €</li>



<li>Pasi Kari 834 €</li>



<li>Kalle Nygård 825 €</li>



<li>Jouni Hänninen 810 €</li>



<li>Risto Isotalo 726 €</li>



<li>Eila Olli 720 €</li>



<li>Jani Vuorela 610 €</li>



<li>Leppäaho Oskari 550€</li>



<li>Kuoppa-aho Seliina 498 €</li>



<li>Leppäaho Katariina 490 €</li>
</ul>

<p>Ankkurien parhaat kerääjät</p>
