{"id":632,"date":"2019-10-15T04:25:10","date_gmt":"2019-10-15T01:25:10","guid":{"rendered":"http:\/\/212.66.193.72\/~cp4520516\/yleisurheilu\/?page_id=632"},"modified":"2023-04-12T22:00:46","modified_gmt":"2023-04-12T19:00:46","slug":"2010-2","status":"publish","type":"page","link":"https:\/\/www.alajarvenankkurit.fi\/yleisurheilu\/kunniakierros\/2010-2\/","title":{"rendered":"2010"},"content":{"rendered":"\n<p>Ankkurien kunniakierroksen tuotto vuonna 2010 oli 6500 euroa. <\/p>\n\n\n\n<figure class=\"wp-block-image size-full\"><img loading=\"lazy\" decoding=\"async\" width=\"743\" height=\"495\" src=\"https:\/\/www.alajarvenankkurit.fi\/yleisurheilu\/wp-content\/uploads\/sites\/2\/2023\/04\/2010_0524_Kunniakierros.jpg\" alt=\"\" class=\"wp-image-5185\" srcset=\"https:\/\/www.alajarvenankkurit.fi\/yleisurheilu\/wp-content\/uploads\/sites\/2\/2023\/04\/2010_0524_Kunniakierros.jpg 743w, https:\/\/www.alajarvenankkurit.fi\/yleisurheilu\/wp-content\/uploads\/sites\/2\/2023\/04\/2010_0524_Kunniakierros-300x200.jpg 300w\" sizes=\"auto, (max-width: 706px) 89vw, (max-width: 767px) 82vw, 740px\" \/><\/figure>\n\n\n\n<p>Kunniakierros lukuina:<\/p>\n\n\n\n<p>Juha Rintala 35 kierrosta, Jarkko Knuutti 35 kierrosta, Harri Ketola 33 kierrosta, Felix de Silva 33 kierrosta, Juhani Sepp\u00e4 32 kierrosta, Reijo Virtanen 32 kierrosta, Antti Iham\u00e4ki 31 kierrosta, Tommi Vainio 31 kierrosta, Sampo Sepp\u00e4 30 kierrosta, Markku Ojala 30 kierrosta, Pirjo-Maria Pitk\u00e4kangas 28 kierrosta, Julius Kallio 28 kierrosta, Eve Pitk\u00e4kangas 19 kierrosta, Heidi Marjom\u00e4ki 20 kierrosta, Timoteus Kivikangas 12 kierrosta, Eucabeth Kivikangas 11 kierrosta.<\/p>\n\n\n\n<p>Parhaat ker\u00e4\u00e4j\u00e4t ja tukijat: Reijo Virtanen 2206e (mm. Info Alaj\u00e4rvi, L\u00e4\u00e4k\u00e4riasema Anselmi, LSM yhti\u00f6t Oy, Kestopalkki Lpj OY, Mitek Finland Oy, BCC Finland Oy, Artopine Oy, Finnforest Oy, Karrak Oy, Skaala Oy, FM Timber TeaM Oy, Honkarakenne), Juhani Sepp\u00e4 960e (Huoltamo Latvala, Sj\u00f6bloms Gr\u00e4v Ab,Fin-Terpuu Oy), Pirjo-Maria Pitk\u00e4kangas 380e (mm. J\u00e4rviseudun ammatti-instituutti).<\/p>\n\n\n\n<div data-wp-interactive=\"core\/file\" class=\"wp-block-file\"><object data-wp-bind--hidden=\"!state.hasPdfPreview\" hidden class=\"wp-block-file__embed\" data=\"https:\/\/www.alajarvenankkurit.fi\/yleisurheilu\/wp-content\/uploads\/sites\/2\/2023\/04\/2010_0524_Kunniakierros.pdf\" type=\"application\/pdf\" style=\"width:100%;height:600px\" aria-label=\"Tiedoston 2010_0524_Kunniakierros upotus.\"><\/object><a id=\"wp-block-file--media-08260aaf-addc-4059-a002-fd4b6286f1af\" href=\"https:\/\/www.alajarvenankkurit.fi\/yleisurheilu\/wp-content\/uploads\/sites\/2\/2023\/04\/2010_0524_Kunniakierros.pdf\">2010_0524_Kunniakierros<\/a><a href=\"https:\/\/www.alajarvenankkurit.fi\/yleisurheilu\/wp-content\/uploads\/sites\/2\/2023\/04\/2010_0524_Kunniakierros.pdf\" class=\"wp-block-file__button wp-element-button\" download aria-describedby=\"wp-block-file--media-08260aaf-addc-4059-a002-fd4b6286f1af\">Lataa<\/a><\/div>\n","protected":false},"excerpt":{"rendered":"<p>Ankkurien kunniakierroksen tuotto vuonna 2010 oli 6500 euroa. Kunniakierros lukuina: Juha Rintala 35 kierrosta, Jarkko Knuutti 35 kierrosta, Harri Ketola 33 kierrosta, Felix de Silva 33 kierrosta, Juhani Sepp\u00e4 32 kierrosta, Reijo Virtanen 32 kierrosta, Antti Iham\u00e4ki 31 kierrosta, Tommi Vainio 31 kierrosta, Sampo Sepp\u00e4 30 kierrosta, Markku Ojala 30 kierrosta, Pirjo-Maria Pitk\u00e4kangas 28 kierrosta, &hellip; <\/p>\n<p class=\"link-more\"><a href=\"https:\/\/www.alajarvenankkurit.fi\/yleisurheilu\/kunniakierros\/2010-2\/\" class=\"more-link\">Jatka lukemista<span class=\"screen-reader-text\"> &#8221;2010&#8221;<\/span><\/a><\/p>\n","protected":false},"author":1,"featured_media":0,"parent":478,"menu_order":0,"comment_status":"closed","ping_status":"closed","template":"","meta":{"footnotes":""},"class_list":["post-632","page","type-page","status-publish","hentry"],"_links":{"self":[{"href":"https:\/\/www.alajarvenankkurit.fi\/yleisurheilu\/wp-json\/wp\/v2\/pages\/632","targetHints":{"allow":["GET"]}}],"collection":[{"href":"https:\/\/www.alajarvenankkurit.fi\/yleisurheilu\/wp-json\/wp\/v2\/pages"}],"about":[{"href":"https:\/\/www.alajarvenankkurit.fi\/yleisurheilu\/wp-json\/wp\/v2\/types\/page"}],"author":[{"embeddable":true,"href":"https:\/\/www.alajarvenankkurit.fi\/yleisurheilu\/wp-json\/wp\/v2\/users\/1"}],"replies":[{"embeddable":true,"href":"https:\/\/www.alajarvenankkurit.fi\/yleisurheilu\/wp-json\/wp\/v2\/comments?post=632"}],"version-history":[{"count":2,"href":"https:\/\/www.alajarvenankkurit.fi\/yleisurheilu\/wp-json\/wp\/v2\/pages\/632\/revisions"}],"predecessor-version":[{"id":5187,"href":"https:\/\/www.alajarvenankkurit.fi\/yleisurheilu\/wp-json\/wp\/v2\/pages\/632\/revisions\/5187"}],"up":[{"embeddable":true,"href":"https:\/\/www.alajarvenankkurit.fi\/yleisurheilu\/wp-json\/wp\/v2\/pages\/478"}],"wp:attachment":[{"href":"https:\/\/www.alajarvenankkurit.fi\/yleisurheilu\/wp-json\/wp\/v2\/media?parent=632"}],"curies":[{"name":"wp","href":"https:\/\/api.w.org\/{rel}","templated":true}]}}