{"id":602,"date":"2019-10-15T04:11:06","date_gmt":"2019-10-15T01:11:06","guid":{"rendered":"http:\/\/212.66.193.72\/~cp4520516\/yleisurheilu\/?page_id=602"},"modified":"2019-10-15T04:12:22","modified_gmt":"2019-10-15T01:12:22","slug":"kunniakierros-ma-28-5-2018-ankkurikentalla","status":"publish","type":"page","link":"https:\/\/www.alajarvenankkurit.fi\/yleisurheilu\/kunniakierros\/kunniakierros-ma-28-5-2018-ankkurikentalla\/","title":{"rendered":"Kunniakierros ma 28.5.2018 Ankkurikent\u00e4ll\u00e4"},"content":{"rendered":"\n<p>Kes\u00e4n 2018 kunniakierros juostiin maanantaina 28.5. liki helteisess\u00e4 s\u00e4\u00e4ss\u00e4. Tapahtuman tuotto oli 2580 euroa. Isomman summan, 805 euroa, ker\u00e4si t\u00e4n\u00e4kin vuonna Kalle Nyg\u00e5rd kiert\u00e4m\u00e4ll\u00e4 radan 29 kertaa!&nbsp;<\/p>\n\n\n\n<div class=\"wp-block-image\"><figure class=\"alignright\"><a href=\"http:\/\/212.66.193.72\/~cp4520516\/yleisurheilu\/wp-content\/uploads\/sites\/2\/2019\/10\/IMG_20180528_180100-2.jpeg\"><img loading=\"lazy\" decoding=\"async\" width=\"300\" height=\"225\" src=\"http:\/\/212.66.193.72\/~cp4520516\/yleisurheilu\/wp-content\/uploads\/sites\/2\/2019\/10\/IMG_20180528_180100-2-300x225.jpeg\" alt=\"\" class=\"wp-image-603\" srcset=\"https:\/\/www.alajarvenankkurit.fi\/yleisurheilu\/wp-content\/uploads\/sites\/2\/2019\/10\/IMG_20180528_180100-2-300x225.jpeg 300w, https:\/\/www.alajarvenankkurit.fi\/yleisurheilu\/wp-content\/uploads\/sites\/2\/2019\/10\/IMG_20180528_180100-2-768x576.jpeg 768w, https:\/\/www.alajarvenankkurit.fi\/yleisurheilu\/wp-content\/uploads\/sites\/2\/2019\/10\/IMG_20180528_180100-2.jpeg 800w\" sizes=\"auto, (max-width: 300px) 100vw, 300px\" \/><\/a><\/figure><\/div>\n\n\n\n<p>Seuraaville nuorille ker\u00e4\u00e4jille yleisurheilujaosto lahjoitti Pingviini-j\u00e4\u00e4tel\u00f6tuutteja ker\u00e4tyn summan mukaisesti. Tuutit on noudettavissa K-Market Vinkist\u00e4 henkil\u00f6todistusta vastaan 15.6.2018 saakka.<\/p>\n\n\n\n<p>Koskenm\u00e4ki Akseli<br>Lepp\u00e4aho Katariina&nbsp;<br>Pakka Jesse<br>Palmu Matias<br>Torppa Manu<br>V\u00e4liaho Niko<br>Yli-Mannila Aleksi<br>Yli-Mannila Olavi<\/p>\n","protected":false},"excerpt":{"rendered":"<p>Kes\u00e4n 2018 kunniakierros juostiin maanantaina 28.5. liki helteisess\u00e4 s\u00e4\u00e4ss\u00e4. Tapahtuman tuotto oli 2580 euroa. Isomman summan, 805 euroa, ker\u00e4si t\u00e4n\u00e4kin vuonna Kalle Nyg\u00e5rd kiert\u00e4m\u00e4ll\u00e4 radan 29 kertaa!&nbsp; Seuraaville nuorille ker\u00e4\u00e4jille yleisurheilujaosto lahjoitti Pingviini-j\u00e4\u00e4tel\u00f6tuutteja ker\u00e4tyn summan mukaisesti. Tuutit on noudettavissa K-Market Vinkist\u00e4 henkil\u00f6todistusta vastaan 15.6.2018 saakka. Koskenm\u00e4ki AkseliLepp\u00e4aho Katariina&nbsp;Pakka JessePalmu MatiasTorppa ManuV\u00e4liaho NikoYli-Mannila AleksiYli-Mannila Olavi<\/p>\n","protected":false},"author":1,"featured_media":0,"parent":478,"menu_order":0,"comment_status":"closed","ping_status":"closed","template":"","meta":{"footnotes":""},"class_list":["post-602","page","type-page","status-publish","hentry"],"_links":{"self":[{"href":"https:\/\/www.alajarvenankkurit.fi\/yleisurheilu\/wp-json\/wp\/v2\/pages\/602","targetHints":{"allow":["GET"]}}],"collection":[{"href":"https:\/\/www.alajarvenankkurit.fi\/yleisurheilu\/wp-json\/wp\/v2\/pages"}],"about":[{"href":"https:\/\/www.alajarvenankkurit.fi\/yleisurheilu\/wp-json\/wp\/v2\/types\/page"}],"author":[{"embeddable":true,"href":"https:\/\/www.alajarvenankkurit.fi\/yleisurheilu\/wp-json\/wp\/v2\/users\/1"}],"replies":[{"embeddable":true,"href":"https:\/\/www.alajarvenankkurit.fi\/yleisurheilu\/wp-json\/wp\/v2\/comments?post=602"}],"version-history":[{"count":2,"href":"https:\/\/www.alajarvenankkurit.fi\/yleisurheilu\/wp-json\/wp\/v2\/pages\/602\/revisions"}],"predecessor-version":[{"id":606,"href":"https:\/\/www.alajarvenankkurit.fi\/yleisurheilu\/wp-json\/wp\/v2\/pages\/602\/revisions\/606"}],"up":[{"embeddable":true,"href":"https:\/\/www.alajarvenankkurit.fi\/yleisurheilu\/wp-json\/wp\/v2\/pages\/478"}],"wp:attachment":[{"href":"https:\/\/www.alajarvenankkurit.fi\/yleisurheilu\/wp-json\/wp\/v2\/media?parent=602"}],"curies":[{"name":"wp","href":"https:\/\/api.w.org\/{rel}","templated":true}]}}