{"id":596,"date":"2019-10-15T04:07:41","date_gmt":"2019-10-15T01:07:41","guid":{"rendered":"http:\/\/212.66.193.72\/~cp4520516\/yleisurheilu\/?page_id=596"},"modified":"2019-10-15T04:07:41","modified_gmt":"2019-10-15T01:07:41","slug":"2019-2","status":"publish","type":"page","link":"https:\/\/www.alajarvenankkurit.fi\/yleisurheilu\/kunniakierros\/2019-2\/","title":{"rendered":"Kunniakierros 21.5.2019 Ankkurikent\u00e4ll\u00e4!"},"content":{"rendered":"\n<p>Kunniakierrostapahtumassa liikuttiin kauniissa l\u00e4hes helteisess\u00e4 kes\u00e4s\u00e4\u00e4ss\u00e4 16 juoksijan\/k\u00e4velij\u00e4n voimin. Radalla n\u00e4htiin monenik\u00e4ist\u00e4 liikunnan yst\u00e4v\u00e4\u00e4, my\u00f6s 3 kk ik\u00e4inen vauva juoksurattaissa ja 3 v leikki-ik\u00e4inen kiersiv\u00e4t rataa isompien joukossa!<\/p>\n\n\n\n<p>Kovimman kierrosm\u00e4\u00e4r\u00e4n urakoi j\u00e4lleen Kalle Nyg\u00e5rd hurjalla 31 kierroksella. Vaikkei kilpailusta kyse olekaan, on mainittava Jarno Kuoppa-ahon ja Aleksi Yli-Mannilan 29 kierroksen sek\u00e4 Oskari Lepp\u00e4ahon 28 kierroksen iltalenkit. My\u00f6s nuoret Seliina Kuoppa-aho (25 kierrosta) ja Sara Vuorela (22 kierrosta) olivat kovassa juoksuvireess\u00e4! Noista lukemista eiv\u00e4t paljoa j\u00e4\u00e4neet my\u00f6sk\u00e4\u00e4n vasta T10 sarjalaiset Iida Herttola ja Hilda-Maria Ylinen.<\/p>\n\n\n\n<p>Ker\u00e4ystuottokin saatiin muutamasta edellisest\u00e4 vuodesta hieman nousemaan ollen nyt noin 3600\u20ac.&nbsp;<strong>Suuret kiitokset kaikille mukanaolleille ja tukijoille!<\/strong><\/p>\n\n\n\n<ul class=\"wp-block-gallery columns-3 is-cropped wp-block-gallery-1 is-layout-flex wp-block-gallery-is-layout-flex\"><li class=\"blocks-gallery-item\"><figure><a href=\"http:\/\/212.66.193.72\/~cp4520516\/yleisurheilu\/wp-content\/uploads\/sites\/2\/2019\/10\/Kunniakierros1-2.jpeg\"><img loading=\"lazy\" decoding=\"async\" width=\"800\" height=\"600\" src=\"http:\/\/212.66.193.72\/~cp4520516\/yleisurheilu\/wp-content\/uploads\/sites\/2\/2019\/10\/Kunniakierros1-2.jpeg\" alt=\"\" data-id=\"597\" data-link=\"http:\/\/212.66.193.72\/~cp4520516\/yleisurheilu\/?attachment_id=597\" class=\"wp-image-597\" srcset=\"https:\/\/www.alajarvenankkurit.fi\/yleisurheilu\/wp-content\/uploads\/sites\/2\/2019\/10\/Kunniakierros1-2.jpeg 800w, https:\/\/www.alajarvenankkurit.fi\/yleisurheilu\/wp-content\/uploads\/sites\/2\/2019\/10\/Kunniakierros1-2-300x225.jpeg 300w, https:\/\/www.alajarvenankkurit.fi\/yleisurheilu\/wp-content\/uploads\/sites\/2\/2019\/10\/Kunniakierros1-2-768x576.jpeg 768w\" sizes=\"auto, (max-width: 767px) 89vw, (max-width: 1000px) 54vw, (max-width: 1071px) 543px, 580px\" \/><\/a><\/figure><\/li><li class=\"blocks-gallery-item\"><figure><a href=\"http:\/\/212.66.193.72\/~cp4520516\/yleisurheilu\/wp-content\/uploads\/sites\/2\/2019\/10\/Kunniakierros2.jpeg\"><img loading=\"lazy\" decoding=\"async\" width=\"338\" height=\"600\" src=\"http:\/\/212.66.193.72\/~cp4520516\/yleisurheilu\/wp-content\/uploads\/sites\/2\/2019\/10\/Kunniakierros2.jpeg\" alt=\"\" data-id=\"598\" data-link=\"http:\/\/212.66.193.72\/~cp4520516\/yleisurheilu\/?attachment_id=598\" class=\"wp-image-598\" srcset=\"https:\/\/www.alajarvenankkurit.fi\/yleisurheilu\/wp-content\/uploads\/sites\/2\/2019\/10\/Kunniakierros2.jpeg 338w, https:\/\/www.alajarvenankkurit.fi\/yleisurheilu\/wp-content\/uploads\/sites\/2\/2019\/10\/Kunniakierros2-169x300.jpeg 169w\" sizes=\"auto, (max-width: 338px) 100vw, 338px\" \/><\/a><\/figure><\/li><li class=\"blocks-gallery-item\"><figure><a href=\"http:\/\/212.66.193.72\/~cp4520516\/yleisurheilu\/wp-content\/uploads\/sites\/2\/2019\/10\/Kunniakierros4.jpeg\"><img loading=\"lazy\" decoding=\"async\" width=\"338\" height=\"600\" src=\"http:\/\/212.66.193.72\/~cp4520516\/yleisurheilu\/wp-content\/uploads\/sites\/2\/2019\/10\/Kunniakierros4.jpeg\" alt=\"\" data-id=\"599\" data-link=\"http:\/\/212.66.193.72\/~cp4520516\/yleisurheilu\/?attachment_id=599\" class=\"wp-image-599\" srcset=\"https:\/\/www.alajarvenankkurit.fi\/yleisurheilu\/wp-content\/uploads\/sites\/2\/2019\/10\/Kunniakierros4.jpeg 338w, https:\/\/www.alajarvenankkurit.fi\/yleisurheilu\/wp-content\/uploads\/sites\/2\/2019\/10\/Kunniakierros4-169x300.jpeg 169w\" sizes=\"auto, (max-width: 338px) 100vw, 338px\" \/><\/a><\/figure><\/li><\/ul>\n","protected":false},"excerpt":{"rendered":"<p>Kunniakierrostapahtumassa liikuttiin kauniissa l\u00e4hes helteisess\u00e4 kes\u00e4s\u00e4\u00e4ss\u00e4 16 juoksijan\/k\u00e4velij\u00e4n voimin. Radalla n\u00e4htiin monenik\u00e4ist\u00e4 liikunnan yst\u00e4v\u00e4\u00e4, my\u00f6s 3 kk ik\u00e4inen vauva juoksurattaissa ja 3 v leikki-ik\u00e4inen kiersiv\u00e4t rataa isompien joukossa! Kovimman kierrosm\u00e4\u00e4r\u00e4n urakoi j\u00e4lleen Kalle Nyg\u00e5rd hurjalla 31 kierroksella. Vaikkei kilpailusta kyse olekaan, on mainittava Jarno Kuoppa-ahon ja Aleksi Yli-Mannilan 29 kierroksen sek\u00e4 Oskari Lepp\u00e4ahon 28 kierroksen &hellip; <\/p>\n<p class=\"link-more\"><a href=\"https:\/\/www.alajarvenankkurit.fi\/yleisurheilu\/kunniakierros\/2019-2\/\" class=\"more-link\">Jatka lukemista<span class=\"screen-reader-text\"> &#8221;Kunniakierros 21.5.2019 Ankkurikent\u00e4ll\u00e4!&#8221;<\/span><\/a><\/p>\n","protected":false},"author":1,"featured_media":0,"parent":478,"menu_order":0,"comment_status":"closed","ping_status":"closed","template":"","meta":{"footnotes":""},"class_list":["post-596","page","type-page","status-publish","hentry"],"_links":{"self":[{"href":"https:\/\/www.alajarvenankkurit.fi\/yleisurheilu\/wp-json\/wp\/v2\/pages\/596","targetHints":{"allow":["GET"]}}],"collection":[{"href":"https:\/\/www.alajarvenankkurit.fi\/yleisurheilu\/wp-json\/wp\/v2\/pages"}],"about":[{"href":"https:\/\/www.alajarvenankkurit.fi\/yleisurheilu\/wp-json\/wp\/v2\/types\/page"}],"author":[{"embeddable":true,"href":"https:\/\/www.alajarvenankkurit.fi\/yleisurheilu\/wp-json\/wp\/v2\/users\/1"}],"replies":[{"embeddable":true,"href":"https:\/\/www.alajarvenankkurit.fi\/yleisurheilu\/wp-json\/wp\/v2\/comments?post=596"}],"version-history":[{"count":1,"href":"https:\/\/www.alajarvenankkurit.fi\/yleisurheilu\/wp-json\/wp\/v2\/pages\/596\/revisions"}],"predecessor-version":[{"id":600,"href":"https:\/\/www.alajarvenankkurit.fi\/yleisurheilu\/wp-json\/wp\/v2\/pages\/596\/revisions\/600"}],"up":[{"embeddable":true,"href":"https:\/\/www.alajarvenankkurit.fi\/yleisurheilu\/wp-json\/wp\/v2\/pages\/478"}],"wp:attachment":[{"href":"https:\/\/www.alajarvenankkurit.fi\/yleisurheilu\/wp-json\/wp\/v2\/media?parent=596"}],"curies":[{"name":"wp","href":"https:\/\/api.w.org\/{rel}","templated":true}]}}