{"id":504,"date":"2019-10-14T11:03:25","date_gmt":"2019-10-14T08:03:25","guid":{"rendered":"http:\/\/212.66.193.72\/~cp4520516\/yleisurheilu\/?page_id=504"},"modified":"2026-01-06T17:57:55","modified_gmt":"2026-01-06T15:57:55","slug":"harjoittelu-kuortaneella","status":"publish","type":"page","link":"https:\/\/www.alajarvenankkurit.fi\/yleisurheilu\/harjoitustoiminta\/harjoittelu-kuortaneella\/","title":{"rendered":"Harjoittelu Kuortaneella"},"content":{"rendered":"\n<p>Kuortanehallia voivat k\u00e4ytt\u00e4\u00e4 (eli jaosto maksaa hallimaksun) ne,\u00a0joilla on henkil\u00f6kohtainen harjoitusohjelma tai kuuluvat jaoston harjoitusryhm\u00e4\u00e4n ja jotka kilpailevat kyseisen\u00e4 vuonna TP10 tai vanhemmissa ik\u00e4sarjoissa. Lis\u00e4tietoja jaoston j\u00e4senilt\u00e4 (<a href=\"http:\/\/www.alajarvenankkurit.fi\/yleisurheilu\/yhteystiedot\/\">yhteystiedot<\/a>).<\/p>\n","protected":false},"excerpt":{"rendered":"<p>Kuortanehallia voivat k\u00e4ytt\u00e4\u00e4 (eli jaosto maksaa hallimaksun) ne,\u00a0joilla on henkil\u00f6kohtainen harjoitusohjelma tai kuuluvat jaoston harjoitusryhm\u00e4\u00e4n ja jotka kilpailevat kyseisen\u00e4 vuonna TP10 tai vanhemmissa ik\u00e4sarjoissa. Lis\u00e4tietoja jaoston j\u00e4senilt\u00e4 (yhteystiedot).<\/p>\n","protected":false},"author":1,"featured_media":0,"parent":500,"menu_order":2,"comment_status":"closed","ping_status":"closed","template":"","meta":{"footnotes":""},"class_list":["post-504","page","type-page","status-publish","hentry"],"_links":{"self":[{"href":"https:\/\/www.alajarvenankkurit.fi\/yleisurheilu\/wp-json\/wp\/v2\/pages\/504","targetHints":{"allow":["GET"]}}],"collection":[{"href":"https:\/\/www.alajarvenankkurit.fi\/yleisurheilu\/wp-json\/wp\/v2\/pages"}],"about":[{"href":"https:\/\/www.alajarvenankkurit.fi\/yleisurheilu\/wp-json\/wp\/v2\/types\/page"}],"author":[{"embeddable":true,"href":"https:\/\/www.alajarvenankkurit.fi\/yleisurheilu\/wp-json\/wp\/v2\/users\/1"}],"replies":[{"embeddable":true,"href":"https:\/\/www.alajarvenankkurit.fi\/yleisurheilu\/wp-json\/wp\/v2\/comments?post=504"}],"version-history":[{"count":3,"href":"https:\/\/www.alajarvenankkurit.fi\/yleisurheilu\/wp-json\/wp\/v2\/pages\/504\/revisions"}],"predecessor-version":[{"id":8106,"href":"https:\/\/www.alajarvenankkurit.fi\/yleisurheilu\/wp-json\/wp\/v2\/pages\/504\/revisions\/8106"}],"up":[{"embeddable":true,"href":"https:\/\/www.alajarvenankkurit.fi\/yleisurheilu\/wp-json\/wp\/v2\/pages\/500"}],"wp:attachment":[{"href":"https:\/\/www.alajarvenankkurit.fi\/yleisurheilu\/wp-json\/wp\/v2\/media?parent=504"}],"curies":[{"name":"wp","href":"https:\/\/api.w.org\/{rel}","templated":true}]}}

<p>Kuortanehallia voivat käyttää (eli jaosto maksaa hallimaksun) ne, joilla on henkilökohtainen harjoitusohjelma tai kuuluvat jaoston harjoitusryhmään ja jotka kilpailevat kyseisenä vuonna TP10 tai vanhemmissa ikäsarjoissa. Lisätietoja jaoston jäseniltä (<a href="http://www.alajarvenankkurit.fi/yleisurheilu/yhteystiedot/">yhteystiedot</a>).</p>

<p>Kuortanehallia voivat käyttää (eli jaosto maksaa hallimaksun) ne, joilla on henkilökohtainen harjoitusohjelma tai kuuluvat jaoston harjoitusryhmään ja jotka kilpailevat kyseisenä vuonna TP10 tai vanhemmissa ikäsarjoissa. Lisätietoja jaoston jäseniltä (yhteystiedot).</p>
