{"id":440,"date":"2020-11-07T20:27:00","date_gmt":"2020-11-07T18:27:00","guid":{"rendered":"http:\/\/212.66.193.72\/~cp4520516\/yleisurheilu\/?page_id=440"},"modified":"2026-04-19T20:24:13","modified_gmt":"2026-04-19T17:24:13","slug":"eliittifinaali","status":"publish","type":"page","link":"https:\/\/www.alajarvenankkurit.fi\/yleisurheilu\/kilpailutoiminta\/eliittifinaali\/","title":{"rendered":"Eliittifinaali"},"content":{"rendered":"\n<p>Etel\u00e4-Pohjanmaan piirin alueella yleisurheiluseurat kilpailevat paremmuudesta ker\u00e4\u00e4m\u00e4ll\u00e4 vuosittain sisupisteit\u00e4, joita seura saa piirin sisukilpailuista (9-15v) urheilijoiden menestyksen perusteella. Kauden lopuksi EPU ry kutsuu piirin 12 parasta seuraa Eliittifinaaliin, joka pitk\u00e4\u00e4n j\u00e4rjestettiin marras-joulukuun vaihteessa hallikisana. Kev\u00e4\u00e4st\u00e4 2022 l\u00e4htien Eliittifinaali on j\u00e4rjestetty ulkokauden alussa toukokuulla.<\/p>\n\n\n\n<p>Vuoden 2025 sisukisoista Ankkurit ker\u00e4si 181,5 pistett\u00e4 (<a href=\"https:\/\/www.epury.fi\/arkisto\/kesan-2024-lopulliset-sisupisteet\" target=\"_blank\" rel=\"noreferrer noopener\">linkki pisteisiin<\/a>), mik\u00e4 oikeutti 7. sijalle! Ankkurit saa kutsun Eliittifinaaliin, joka j\u00e4rjestet\u00e4\u00e4n helatorstaina 14.5.2026 Kurikassa (<a href=\"https:\/\/www.kilpailukalenteri.fi\/?cs=16&amp;nid=38807\" id=\"https:\/\/www.kilpailukalenteri.fi\/?cs=16&amp;nid=38807\">linkki kilpailuk<\/a><a href=\"https:\/\/www.kilpailukalenteri.fi\/?cs=16&amp;nid=38807\" id=\"https:\/\/www.kilpailukalenteri.fi\/?cs=16&amp;nid=38807\" target=\"_blank\" rel=\"noreferrer noopener\">a<\/a><a href=\"https:\/\/www.kilpailukalenteri.fi\/?cs=16&amp;nid=38807\" id=\"https:\/\/www.kilpailukalenteri.fi\/?cs=16&amp;nid=38807\">lenteriin<\/a>). Jaosto valitsee ja ilmoittaa joukkueen.<\/p>\n\n\n\n<h4 class=\"wp-block-heading\">Joukkue 14.5.2026:<\/h4>\n\n\n\n<figure class=\"wp-block-table\"><table><tbody><tr><td class=\"has-text-align-center\" data-align=\"center\"><\/td><td class=\"has-text-align-left\" data-align=\"left\"><strong>Pikamatkat<\/strong><\/td><td class=\"has-text-align-left\" data-align=\"left\"><strong>Heitot<\/strong><\/td><td class=\"has-text-align-left\" data-align=\"left\"><strong>Hypyt<\/strong><\/td><td class=\"has-text-align-left\" data-align=\"left\"><strong>Pitk\u00e4t matkat<\/strong><\/td><td class=\"has-text-align-left\" data-align=\"left\"><strong>Sukkulaviesti<\/strong><\/td><\/tr><tr><td class=\"has-text-align-center\" data-align=\"center\"><strong>9v<\/strong><\/td><td class=\"has-text-align-left\" data-align=\"left\"><span style=\"text-decoration: underline\">40 m<\/span><br><em>Tytt\u00f6urheilija<br>Poikaurheilija<\/em><\/td><td class=\"has-text-align-left\" data-align=\"left\"><span style=\"text-decoration: underline\">kuula<\/span><br><em>Tytt\u00f6urheilija<br>Poikaurheilija<\/em><\/td><td class=\"has-text-align-left\" data-align=\"left\"><span style=\"text-decoration: underline\">pituus<\/span><br><em>Tytt\u00f6urheilija<br>Poikaurheilija<\/em><\/td><td class=\"has-text-align-left\" data-align=\"left\"><span style=\"text-decoration: underline\">800 m<\/span><br><em>Tytt\u00f6urheilija<br>Poikaurheilija<\/em><\/td><td class=\"has-text-align-left\" data-align=\"left\"><em>Tytt\u00f6urheilija<br>Poikaurheilija<\/em> <\/td><\/tr><tr><td class=\"has-text-align-center\" data-align=\"center\"><strong>11v<\/strong><\/td><td class=\"has-text-align-left\" data-align=\"left\"><span style=\"text-decoration: underline\">60 m<\/span><br><em>Tytt\u00f6urheilija<br>Poikaurheilija<\/em><\/td><td class=\"has-text-align-left\" data-align=\"left\"><span style=\"text-decoration: underline\">keih\u00e4s<\/span><br><em>Tytt\u00f6urheilija<br>Poikaurheilija<\/em><\/td><td class=\"has-text-align-left\" data-align=\"left\"><span style=\"text-decoration: underline\">pituus<\/span><br><em>Tytt\u00f6urheilija<br>Poikaurheilija<\/em><\/td><td class=\"has-text-align-left\" data-align=\"left\"><span style=\"text-decoration: underline\">800 m<\/span><br><em>Tytt\u00f6urheilija<br>Poikaurheilija<\/em><\/td><td class=\"has-text-align-left\" data-align=\"left\"><em>Tytt\u00f6urheilija<br>Poikaurheilija<\/em> <\/td><\/tr><tr><td class=\"has-text-align-center\" data-align=\"center\"><strong>13v<\/strong><\/td><td class=\"has-text-align-left\" data-align=\"left\"><span style=\"text-decoration: underline\">60 m<\/span><br><em>Tytt\u00f6urheilija<br>Poikaurheilija<\/em><\/td><td class=\"has-text-align-left\" data-align=\"left\"><span style=\"text-decoration: underline\">keih\u00e4s<\/span><br><em>Tytt\u00f6urheilija<br>Poikaurheilija<\/em><\/td><td class=\"has-text-align-left\" data-align=\"left\"><span style=\"text-decoration: underline\">korkeus<\/span><br><em>Tytt\u00f6urheilija<br>Poikaurheilija<\/em> <\/td><td class=\"has-text-align-left\" data-align=\"left\"><span style=\"text-decoration: underline\">800 m<\/span><br><em>Tytt\u00f6urheilija<br>Poikaurheilija<\/em><\/td><td class=\"has-text-align-left\" data-align=\"left\"><em>Tytt\u00f6urheilija<br>Poikaurheilija<\/em> <\/td><\/tr><tr><td class=\"has-text-align-center\" data-align=\"center\"><strong>15v<\/strong><\/td><td class=\"has-text-align-left\" data-align=\"left\"><span style=\"text-decoration: underline\">100 m<\/span><br><em>Tytt\u00f6urheilija<br>Poikaurheilija<\/em><\/td><td class=\"has-text-align-left\" data-align=\"left\"><span style=\"text-decoration: underline\">kuula<\/span><br><em>Tytt\u00f6urheilija<br>Poikaurheilija<\/em><\/td><td class=\"has-text-align-left\" data-align=\"left\"><span style=\"text-decoration: underline\">3-loikka<\/span><br><em>Tytt\u00f6urheilija<span><b><br><\/b><\/span>Poikaurheilija<\/em><\/td><td class=\"has-text-align-left\" data-align=\"left\"><span style=\"text-decoration: underline\">800 m<\/span><br><em>Tytt\u00f6urheilija<br>Poikaurheilija<\/em><\/td><td class=\"has-text-align-left\" data-align=\"left\"><em>Tytt\u00f6urheilija<br>Poikaurheilija<\/em> <\/td><\/tr><\/tbody><\/table><\/figure>\n\n\n\n<p><strong>Varmistunut urheilija paksummalla fontilla<\/strong> ja <em>puuttuva urheilija kursivoidulla fontilla<\/em>.<\/p>\n\n\n\n<p>Huom! Nuoremmat urheilijat voivat osallistua my\u00f6s vanhempien sarjoihin, mutta jokaisessa lajissa voi olla vain yksi urheilija. Sama urheilija voi osallistua kahteen lajiin, mutta kuitenkin vain yhden ik\u00e4ryhm\u00e4n sis\u00e4ll\u00e4. Joukkue pyrit\u00e4\u00e4n valitsemaan tilastotulosten perusteella. Jos urheilija on estynyt osallistumaan finaaliin, niin tieto asiasta on v\u00e4litett\u00e4v\u00e4 jaostolle viipym\u00e4tt\u00e4. <a href=\"http:\/\/www.alajarvenankkurit.fi\/yleisurheilu\/yhteystiedot\/\">Jaoston yhteystiedot. <\/a><\/p>\n\n\n\n<p><strong>Vuoden 2026<\/strong> aikana sisupisteit\u00e4 ker\u00e4t\u00e4\u00e4n seuraavista kisoista: Sisumaantiet, Sisuottelut, Sisuk\u00e4velyt, Sisuhuipentuma, Sisuviestit, Supersisuottelut ja Sisumaastot. Katso ajankohdat ja linkit kilpailukalenteriin t\u00e4\u00e4lt\u00e4: <a href=\"https:\/\/www.alajarvenankkurit.fi\/yleisurheilu\/kilpailutoiminta\/\">Kilpailutoiminta &#8211; Alaj\u00e4rven Ankkurit \/ Yleisurheilu (alajarvenankkurit.fi)<\/a>. Kauden t\u00e4rkein kisa eli Sisuhuipentuma j\u00e4rjestet\u00e4\u00e4n 18.-19.7.2026 Sein\u00e4joella ja sinne toivotaankin paljon ankkuriurheilijoita, jotta selviydymme j\u00e4lleen piirin 12 parhaan seuran joukkoon!<\/p>\n\n\n\n<p><\/p>\n\n\n\n<figure class=\"wp-block-gallery has-nested-images columns-2 is-cropped wp-block-gallery-1 is-layout-flex wp-block-gallery-is-layout-flex\">\n<figure class=\"wp-block-image size-large\"><img loading=\"lazy\" decoding=\"async\" width=\"434\" height=\"542\" data-id=\"819\" src=\"https:\/\/www.alajarvenankkurit.fi\/yleisurheilu\/wp-content\/uploads\/sites\/2\/2020\/01\/eliittifinaali-2019-20191124-720_1454.jpg\" alt=\"\" class=\"wp-image-819\" srcset=\"https:\/\/www.alajarvenankkurit.fi\/yleisurheilu\/wp-content\/uploads\/sites\/2\/2020\/01\/eliittifinaali-2019-20191124-720_1454.jpg 434w, https:\/\/www.alajarvenankkurit.fi\/yleisurheilu\/wp-content\/uploads\/sites\/2\/2020\/01\/eliittifinaali-2019-20191124-720_1454-240x300.jpg 240w\" sizes=\"auto, (max-width: 434px) 100vw, 434px\" \/><figcaption class=\"wp-element-caption\">Tsempparit 2019 Niilo ja Viola<\/figcaption><\/figure>\n\n\n\n<figure class=\"wp-block-image size-large\"><img loading=\"lazy\" decoding=\"async\" width=\"893\" height=\"967\" data-id=\"820\" src=\"https:\/\/www.alajarvenankkurit.fi\/yleisurheilu\/wp-content\/uploads\/sites\/2\/2020\/01\/07-pojat_rajattu.jpg\" alt=\"\" class=\"wp-image-820\" srcset=\"https:\/\/www.alajarvenankkurit.fi\/yleisurheilu\/wp-content\/uploads\/sites\/2\/2020\/01\/07-pojat_rajattu.jpg 893w, https:\/\/www.alajarvenankkurit.fi\/yleisurheilu\/wp-content\/uploads\/sites\/2\/2020\/01\/07-pojat_rajattu-277x300.jpg 277w, https:\/\/www.alajarvenankkurit.fi\/yleisurheilu\/wp-content\/uploads\/sites\/2\/2020\/01\/07-pojat_rajattu-768x832.jpg 768w\" sizes=\"auto, (max-width: 767px) 89vw, (max-width: 1000px) 54vw, (max-width: 1071px) 543px, 580px\" \/><figcaption class=\"wp-element-caption\">AA pojat l\u00e4mmittelyss\u00e4<\/figcaption><\/figure>\n\n\n\n<figure class=\"wp-block-image size-large\"><img loading=\"lazy\" decoding=\"async\" width=\"678\" height=\"542\" data-id=\"821\" src=\"https:\/\/www.alajarvenankkurit.fi\/yleisurheilu\/wp-content\/uploads\/sites\/2\/2020\/01\/eliittifinaali-2019-20191124-720_1385.jpg\" alt=\"\" class=\"wp-image-821\" srcset=\"https:\/\/www.alajarvenankkurit.fi\/yleisurheilu\/wp-content\/uploads\/sites\/2\/2020\/01\/eliittifinaali-2019-20191124-720_1385.jpg 678w, https:\/\/www.alajarvenankkurit.fi\/yleisurheilu\/wp-content\/uploads\/sites\/2\/2020\/01\/eliittifinaali-2019-20191124-720_1385-300x240.jpg 300w\" sizes=\"auto, (max-width: 678px) 100vw, 678px\" \/><figcaption class=\"wp-element-caption\">Liinu tonnilla<\/figcaption><\/figure>\n\n\n\n<figure class=\"wp-block-image size-large\"><img loading=\"lazy\" decoding=\"async\" width=\"678\" height=\"542\" data-id=\"822\" src=\"https:\/\/www.alajarvenankkurit.fi\/yleisurheilu\/wp-content\/uploads\/sites\/2\/2020\/01\/eliittifinaali-2019-20191124-720_1444.jpg\" alt=\"\" class=\"wp-image-822\" srcset=\"https:\/\/www.alajarvenankkurit.fi\/yleisurheilu\/wp-content\/uploads\/sites\/2\/2020\/01\/eliittifinaali-2019-20191124-720_1444.jpg 678w, https:\/\/www.alajarvenankkurit.fi\/yleisurheilu\/wp-content\/uploads\/sites\/2\/2020\/01\/eliittifinaali-2019-20191124-720_1444-300x240.jpg 300w\" sizes=\"auto, (max-width: 678px) 100vw, 678px\" \/><figcaption class=\"wp-element-caption\">Milja-Maria ja Sara<\/figcaption><\/figure>\n<\/figure>\n","protected":false},"excerpt":{"rendered":"<p>Etel\u00e4-Pohjanmaan piirin alueella yleisurheiluseurat kilpailevat paremmuudesta ker\u00e4\u00e4m\u00e4ll\u00e4 vuosittain sisupisteit\u00e4, joita seura saa piirin sisukilpailuista (9-15v) urheilijoiden menestyksen perusteella. Kauden lopuksi EPU ry kutsuu piirin 12 parasta seuraa Eliittifinaaliin, joka pitk\u00e4\u00e4n j\u00e4rjestettiin marras-joulukuun vaihteessa hallikisana. Kev\u00e4\u00e4st\u00e4 2022 l\u00e4htien Eliittifinaali on j\u00e4rjestetty ulkokauden alussa toukokuulla. Vuoden 2025 sisukisoista Ankkurit ker\u00e4si 181,5 pistett\u00e4 (linkki pisteisiin), mik\u00e4 oikeutti 7. &hellip; <\/p>\n<p class=\"link-more\"><a href=\"https:\/\/www.alajarvenankkurit.fi\/yleisurheilu\/kilpailutoiminta\/eliittifinaali\/\" class=\"more-link\">Jatka lukemista<span class=\"screen-reader-text\"> &#8221;Eliittifinaali&#8221;<\/span><\/a><\/p>\n","protected":false},"author":5,"featured_media":0,"parent":495,"menu_order":5,"comment_status":"closed","ping_status":"closed","template":"","meta":{"footnotes":""},"class_list":["post-440","page","type-page","status-publish","hentry"],"_links":{"self":[{"href":"https:\/\/www.alajarvenankkurit.fi\/yleisurheilu\/wp-json\/wp\/v2\/pages\/440","targetHints":{"allow":["GET"]}}],"collection":[{"href":"https:\/\/www.alajarvenankkurit.fi\/yleisurheilu\/wp-json\/wp\/v2\/pages"}],"about":[{"href":"https:\/\/www.alajarvenankkurit.fi\/yleisurheilu\/wp-json\/wp\/v2\/types\/page"}],"author":[{"embeddable":true,"href":"https:\/\/www.alajarvenankkurit.fi\/yleisurheilu\/wp-json\/wp\/v2\/users\/5"}],"replies":[{"embeddable":true,"href":"https:\/\/www.alajarvenankkurit.fi\/yleisurheilu\/wp-json\/wp\/v2\/comments?post=440"}],"version-history":[{"count":51,"href":"https:\/\/www.alajarvenankkurit.fi\/yleisurheilu\/wp-json\/wp\/v2\/pages\/440\/revisions"}],"predecessor-version":[{"id":8397,"href":"https:\/\/www.alajarvenankkurit.fi\/yleisurheilu\/wp-json\/wp\/v2\/pages\/440\/revisions\/8397"}],"up":[{"embeddable":true,"href":"https:\/\/www.alajarvenankkurit.fi\/yleisurheilu\/wp-json\/wp\/v2\/pages\/495"}],"wp:attachment":[{"href":"https:\/\/www.alajarvenankkurit.fi\/yleisurheilu\/wp-json\/wp\/v2\/media?parent=440"}],"curies":[{"name":"wp","href":"https:\/\/api.w.org\/{rel}","templated":true}]}}

<p>Etelä-Pohjanmaan piirin alueella yleisurheiluseurat kilpailevat paremmuudesta keräämällä vuosittain sisupisteitä, joita seura saa piirin sisukilpailuista (9-15v) urheilijoiden menestyksen perusteella. Kauden lopuksi EPU ry kutsuu piirin 12 parasta seuraa Eliittifinaaliin, joka pitkään järjestettiin marras-joulukuun vaihteessa hallikisana. Keväästä 2022 lähtien Eliittifinaali on järjestetty ulkokauden alussa toukokuulla.</p>



<p>Vuoden 2025 sisukisoista Ankkurit keräsi 181,5 pistettä (<a href="https://www.epury.fi/arkisto/kesan-2024-lopulliset-sisupisteet" target="_blank" rel="noreferrer noopener">linkki pisteisiin</a>), mikä oikeutti 7. sijalle! Ankkurit saa kutsun Eliittifinaaliin, joka järjestetään helatorstaina 14.5.2026 Kurikassa (<a href="https://www.kilpailukalenteri.fi/?cs=16&amp;nid=38807" id="https://www.kilpailukalenteri.fi/?cs=16&amp;nid=38807">linkki kilpailuk</a><a href="https://www.kilpailukalenteri.fi/?cs=16&amp;nid=38807" id="https://www.kilpailukalenteri.fi/?cs=16&amp;nid=38807" target="_blank" rel="noreferrer noopener">a</a><a href="https://www.kilpailukalenteri.fi/?cs=16&amp;nid=38807" id="https://www.kilpailukalenteri.fi/?cs=16&amp;nid=38807">lenteriin</a>). Jaosto valitsee ja ilmoittaa joukkueen.</p>



<h4 class="wp-block-heading">Joukkue 14.5.2026:</h4>



<figure class="wp-block-table"><table><tbody><tr><td class="has-text-align-center" data-align="center"></td><td class="has-text-align-left" data-align="left"><strong>Pikamatkat</strong></td><td class="has-text-align-left" data-align="left"><strong>Heitot</strong></td><td class="has-text-align-left" data-align="left"><strong>Hypyt</strong></td><td class="has-text-align-left" data-align="left"><strong>Pitkät matkat</strong></td><td class="has-text-align-left" data-align="left"><strong>Sukkulaviesti</strong></td></tr><tr><td class="has-text-align-center" data-align="center"><strong>9v</strong></td><td class="has-text-align-left" data-align="left"><span style="text-decoration: underline">40 m</span><br><em>Tyttöurheilija<br>Poikaurheilija</em></td><td class="has-text-align-left" data-align="left"><span style="text-decoration: underline">kuula</span><br><em>Tyttöurheilija<br>Poikaurheilija</em></td><td class="has-text-align-left" data-align="left"><span style="text-decoration: underline">pituus</span><br><em>Tyttöurheilija<br>Poikaurheilija</em></td><td class="has-text-align-left" data-align="left"><span style="text-decoration: underline">800 m</span><br><em>Tyttöurheilija<br>Poikaurheilija</em></td><td class="has-text-align-left" data-align="left"><em>Tyttöurheilija<br>Poikaurheilija</em> </td></tr><tr><td class="has-text-align-center" data-align="center"><strong>11v</strong></td><td class="has-text-align-left" data-align="left"><span style="text-decoration: underline">60 m</span><br><em>Tyttöurheilija<br>Poikaurheilija</em></td><td class="has-text-align-left" data-align="left"><span style="text-decoration: underline">keihäs</span><br><em>Tyttöurheilija<br>Poikaurheilija</em></td><td class="has-text-align-left" data-align="left"><span style="text-decoration: underline">pituus</span><br><em>Tyttöurheilija<br>Poikaurheilija</em></td><td class="has-text-align-left" data-align="left"><span style="text-decoration: underline">800 m</span><br><em>Tyttöurheilija<br>Poikaurheilija</em></td><td class="has-text-align-left" data-align="left"><em>Tyttöurheilija<br>Poikaurheilija</em> </td></tr><tr><td class="has-text-align-center" data-align="center"><strong>13v</strong></td><td class="has-text-align-left" data-align="left"><span style="text-decoration: underline">60 m</span><br><em>Tyttöurheilija<br>Poikaurheilija</em></td><td class="has-text-align-left" data-align="left"><span style="text-decoration: underline">keihäs</span><br><em>Tyttöurheilija<br>Poikaurheilija</em></td><td class="has-text-align-left" data-align="left"><span style="text-decoration: underline">korkeus</span><br><em>Tyttöurheilija<br>Poikaurheilija</em> </td><td class="has-text-align-left" data-align="left"><span style="text-decoration: underline">800 m</span><br><em>Tyttöurheilija<br>Poikaurheilija</em></td><td class="has-text-align-left" data-align="left"><em>Tyttöurheilija<br>Poikaurheilija</em> </td></tr><tr><td class="has-text-align-center" data-align="center"><strong>15v</strong></td><td class="has-text-align-left" data-align="left"><span style="text-decoration: underline">100 m</span><br><em>Tyttöurheilija<br>Poikaurheilija</em></td><td class="has-text-align-left" data-align="left"><span style="text-decoration: underline">kuula</span><br><em>Tyttöurheilija<br>Poikaurheilija</em></td><td class="has-text-align-left" data-align="left"><span style="text-decoration: underline">3-loikka</span><br><em>Tyttöurheilija<span><b><br></b></span>Poikaurheilija</em></td><td class="has-text-align-left" data-align="left"><span style="text-decoration: underline">800 m</span><br><em>Tyttöurheilija<br>Poikaurheilija</em></td><td class="has-text-align-left" data-align="left"><em>Tyttöurheilija<br>Poikaurheilija</em> </td></tr></tbody></table></figure>



<p><strong>Varmistunut urheilija paksummalla fontilla</strong> ja <em>puuttuva urheilija kursivoidulla fontilla</em>.</p>



<p>Huom! Nuoremmat urheilijat voivat osallistua myös vanhempien sarjoihin, mutta jokaisessa lajissa voi olla vain yksi urheilija. Sama urheilija voi osallistua kahteen lajiin, mutta kuitenkin vain yhden ikäryhmän sisällä. Joukkue pyritään valitsemaan tilastotulosten perusteella. Jos urheilija on estynyt osallistumaan finaaliin, niin tieto asiasta on välitettävä jaostolle viipymättä. <a href="http://www.alajarvenankkurit.fi/yleisurheilu/yhteystiedot/">Jaoston yhteystiedot. </a></p>



<p><strong>Vuoden 2026</strong> aikana sisupisteitä kerätään seuraavista kisoista: Sisumaantiet, Sisuottelut, Sisukävelyt, Sisuhuipentuma, Sisuviestit, Supersisuottelut ja Sisumaastot. Katso ajankohdat ja linkit kilpailukalenteriin täältä: <a href="https://www.alajarvenankkurit.fi/yleisurheilu/kilpailutoiminta/">Kilpailutoiminta &#8211; Alajärven Ankkurit / Yleisurheilu (alajarvenankkurit.fi)</a>. Kauden tärkein kisa eli Sisuhuipentuma järjestetään 18.-19.7.2026 Seinäjoella ja sinne toivotaankin paljon ankkuriurheilijoita, jotta selviydymme jälleen piirin 12 parhaan seuran joukkoon!</p>



<p></p>



<figure class="wp-block-gallery has-nested-images columns-2 is-cropped wp-block-gallery-1 is-layout-flex wp-block-gallery-is-layout-flex">
<figure class="wp-block-image size-large"><img loading="lazy" decoding="async" width="434" height="542" data-id="819" src="https://www.alajarvenankkurit.fi/yleisurheilu/wp-content/uploads/sites/2/2020/01/eliittifinaali-2019-20191124-720_1454.jpg" alt="" class="wp-image-819" srcset="https://www.alajarvenankkurit.fi/yleisurheilu/wp-content/uploads/sites/2/2020/01/eliittifinaali-2019-20191124-720_1454.jpg 434w, https://www.alajarvenankkurit.fi/yleisurheilu/wp-content/uploads/sites/2/2020/01/eliittifinaali-2019-20191124-720_1454-240x300.jpg 240w" sizes="auto, (max-width: 434px) 100vw, 434px" /><figcaption class="wp-element-caption">Tsempparit 2019 Niilo ja Viola</figcaption></figure>



<figure class="wp-block-image size-large"><img loading="lazy" decoding="async" width="893" height="967" data-id="820" src="https://www.alajarvenankkurit.fi/yleisurheilu/wp-content/uploads/sites/2/2020/01/07-pojat_rajattu.jpg" alt="" class="wp-image-820" srcset="https://www.alajarvenankkurit.fi/yleisurheilu/wp-content/uploads/sites/2/2020/01/07-pojat_rajattu.jpg 893w, https://www.alajarvenankkurit.fi/yleisurheilu/wp-content/uploads/sites/2/2020/01/07-pojat_rajattu-277x300.jpg 277w, https://www.alajarvenankkurit.fi/yleisurheilu/wp-content/uploads/sites/2/2020/01/07-pojat_rajattu-768x832.jpg 768w" sizes="auto, (max-width: 767px) 89vw, (max-width: 1000px) 54vw, (max-width: 1071px) 543px, 580px" /><figcaption class="wp-element-caption">AA pojat lämmittelyssä</figcaption></figure>



<figure class="wp-block-image size-large"><img loading="lazy" decoding="async" width="678" height="542" data-id="821" src="https://www.alajarvenankkurit.fi/yleisurheilu/wp-content/uploads/sites/2/2020/01/eliittifinaali-2019-20191124-720_1385.jpg" alt="" class="wp-image-821" srcset="https://www.alajarvenankkurit.fi/yleisurheilu/wp-content/uploads/sites/2/2020/01/eliittifinaali-2019-20191124-720_1385.jpg 678w, https://www.alajarvenankkurit.fi/yleisurheilu/wp-content/uploads/sites/2/2020/01/eliittifinaali-2019-20191124-720_1385-300x240.jpg 300w" sizes="auto, (max-width: 678px) 100vw, 678px" /><figcaption class="wp-element-caption">Liinu tonnilla</figcaption></figure>



<figure class="wp-block-image size-large"><img loading="lazy" decoding="async" width="678" height="542" data-id="822" src="https://www.alajarvenankkurit.fi/yleisurheilu/wp-content/uploads/sites/2/2020/01/eliittifinaali-2019-20191124-720_1444.jpg" alt="" class="wp-image-822" srcset="https://www.alajarvenankkurit.fi/yleisurheilu/wp-content/uploads/sites/2/2020/01/eliittifinaali-2019-20191124-720_1444.jpg 678w, https://www.alajarvenankkurit.fi/yleisurheilu/wp-content/uploads/sites/2/2020/01/eliittifinaali-2019-20191124-720_1444-300x240.jpg 300w" sizes="auto, (max-width: 678px) 100vw, 678px" /><figcaption class="wp-element-caption">Milja-Maria ja Sara</figcaption></figure>
</figure>

<p>Etelä-Pohjanmaan piirin alueella yleisurheiluseurat kilpailevat paremmuudesta keräämällä vuosittain sisupisteitä, joita seura saa piirin sisukilpailuista (9-15v) urheilijoiden menestyksen perusteella. Kauden lopuksi EPU ry kutsuu piirin 12 parasta seuraa Eliittifinaaliin, joka pitkään järjestettiin marras-joulukuun vaihteessa hallikisana. Keväästä 2022 lähtien Eliittifinaali on järjestetty ulkokauden alussa toukokuulla. Vuoden 2025 sisukisoista Ankkurit keräsi 181,5 pistettä (linkki pisteisiin), mikä oikeutti 7. &hellip; </p>
<p class="link-more"><a href="https://www.alajarvenankkurit.fi/yleisurheilu/kilpailutoiminta/eliittifinaali/" class="more-link">Jatka lukemista<span class="screen-reader-text"> &#8221;Eliittifinaali&#8221;</span></a></p>
