{"id":425,"date":"2019-10-14T05:08:45","date_gmt":"2019-10-14T02:08:45","guid":{"rendered":"http:\/\/212.66.193.72\/~cp4520516\/yleisurheilu\/?page_id=425"},"modified":"2025-11-02T00:50:00","modified_gmt":"2025-11-01T22:50:00","slug":"seuraennatykset","status":"publish","type":"page","link":"https:\/\/www.alajarvenankkurit.fi\/yleisurheilu\/seuraennatykset\/","title":{"rendered":"Seuraenn\u00e4tykset"},"content":{"rendered":"\n<p>Seuraenn\u00e4tykset -osio p\u00e4ivitetty syksyll\u00e4 2025 ja koskee ulkoradoilla tehtyj\u00e4 enn\u00e4tyksi\u00e4. Tavoitteena on tehd\u00e4 joskus my\u00f6s hallienn\u00e4tyksille oma seuraenn\u00e4tyssivusto, hallitilastot ovat valmiina (<a href=\"https:\/\/www.alajarvenankkurit.fi\/yleisurheilu\/hallitilastot\/\">t\u00e4\u00e4ll\u00e4<\/a>). Jos tied\u00e4t seuraenn\u00e4tyksi\u00e4 tai huomaat mahdollisia virheit\u00e4, ilmoita Sari Yli-Mannilalle (<a href=\"http:\/\/www.alajarvenankkurit.fi\/yleisurheilu\/yhteystiedot\/\" target=\"_blank\" rel=\"noreferrer noopener\">yhteystiedot<\/a>).<\/p>\n\n\n\n<p>Kunkin ik\u00e4luokan viralliset lajit on merkitty&nbsp;<strong>lihavoituna<\/strong>. Heittolajeista ik\u00e4luokkaa raskaammilla v\u00e4lineill\u00e4 heitetyt tulokset on merkitty erityisesti silloin, jos ne ovat piirinenn\u00e4tyksi\u00e4.<\/p>\n\n\n\n<h2 class=\"wp-block-heading\"><\/h2>\n\n\n\n<p> <a href=\"https:\/\/www.alajarvenankkurit.fi\/yleisurheilu\/seuraennatykset\/miehet\/\">Miehet<\/a> <br> <a href=\"https:\/\/www.alajarvenankkurit.fi\/yleisurheilu\/seuraennatykset\/naiset\/\">Naiset<\/a> <\/p>\n\n\n\n<p><a href=\"https:\/\/www.alajarvenankkurit.fi\/yleisurheilu\/seuraennatykset\/pojat\/\">Pojat<\/a> <br><a href=\"https:\/\/www.alajarvenankkurit.fi\/yleisurheilu\/seuraennatykset\/tytot\/\">Tyt\u00f6t<\/a><br><\/p>\n\n\n\n<figure class=\"wp-block-image size-large is-style-default\"><img loading=\"lazy\" decoding=\"async\" width=\"2048\" height=\"1365\" src=\"http:\/\/212.66.193.72\/~cp4520516\/yleisurheilu\/wp-content\/uploads\/sites\/2\/2020\/01\/SM_mitalistit_2016_1-2048x1365.jpg\" alt=\"\" class=\"wp-image-750\" srcset=\"https:\/\/www.alajarvenankkurit.fi\/yleisurheilu\/wp-content\/uploads\/sites\/2\/2020\/01\/SM_mitalistit_2016_1-2048x1365.jpg 2048w, https:\/\/www.alajarvenankkurit.fi\/yleisurheilu\/wp-content\/uploads\/sites\/2\/2020\/01\/SM_mitalistit_2016_1-300x200.jpg 300w, https:\/\/www.alajarvenankkurit.fi\/yleisurheilu\/wp-content\/uploads\/sites\/2\/2020\/01\/SM_mitalistit_2016_1-768x512.jpg 768w, https:\/\/www.alajarvenankkurit.fi\/yleisurheilu\/wp-content\/uploads\/sites\/2\/2020\/01\/SM_mitalistit_2016_1-1536x1024.jpg 1536w\" sizes=\"auto, (max-width: 767px) 89vw, (max-width: 1000px) 54vw, (max-width: 1071px) 543px, 580px\" \/><figcaption class=\"wp-element-caption\"> Vuoden 2016 SM-mitalisteilla on nimiss\u00e4\u00e4n useita junioreiden seuraenn\u00e4tyksi\u00e4: Eucabeth Kivikangas, Roosa Latva-Laturi, Juhana Karjanlahti, Aleksi Yli-Mannila ja Oskari Lepp\u00e4aho. <\/figcaption><\/figure>\n","protected":false},"excerpt":{"rendered":"<p>Seuraenn\u00e4tykset -osio p\u00e4ivitetty syksyll\u00e4 2025 ja koskee ulkoradoilla tehtyj\u00e4 enn\u00e4tyksi\u00e4. Tavoitteena on tehd\u00e4 joskus my\u00f6s hallienn\u00e4tyksille oma seuraenn\u00e4tyssivusto, hallitilastot ovat valmiina (t\u00e4\u00e4ll\u00e4). Jos tied\u00e4t seuraenn\u00e4tyksi\u00e4 tai huomaat mahdollisia virheit\u00e4, ilmoita Sari Yli-Mannilalle (yhteystiedot). Kunkin ik\u00e4luokan viralliset lajit on merkitty&nbsp;lihavoituna. Heittolajeista ik\u00e4luokkaa raskaammilla v\u00e4lineill\u00e4 heitetyt tulokset on merkitty erityisesti silloin, jos ne ovat piirinenn\u00e4tyksi\u00e4. Miehet Naiset &hellip; <\/p>\n<p class=\"link-more\"><a href=\"https:\/\/www.alajarvenankkurit.fi\/yleisurheilu\/seuraennatykset\/\" class=\"more-link\">Jatka lukemista<span class=\"screen-reader-text\"> &#8221;Seuraenn\u00e4tykset&#8221;<\/span><\/a><\/p>\n","protected":false},"author":1,"featured_media":0,"parent":0,"menu_order":0,"comment_status":"closed","ping_status":"closed","template":"","meta":{"footnotes":""},"class_list":["post-425","page","type-page","status-publish","hentry"],"_links":{"self":[{"href":"https:\/\/www.alajarvenankkurit.fi\/yleisurheilu\/wp-json\/wp\/v2\/pages\/425","targetHints":{"allow":["GET"]}}],"collection":[{"href":"https:\/\/www.alajarvenankkurit.fi\/yleisurheilu\/wp-json\/wp\/v2\/pages"}],"about":[{"href":"https:\/\/www.alajarvenankkurit.fi\/yleisurheilu\/wp-json\/wp\/v2\/types\/page"}],"author":[{"embeddable":true,"href":"https:\/\/www.alajarvenankkurit.fi\/yleisurheilu\/wp-json\/wp\/v2\/users\/1"}],"replies":[{"embeddable":true,"href":"https:\/\/www.alajarvenankkurit.fi\/yleisurheilu\/wp-json\/wp\/v2\/comments?post=425"}],"version-history":[{"count":12,"href":"https:\/\/www.alajarvenankkurit.fi\/yleisurheilu\/wp-json\/wp\/v2\/pages\/425\/revisions"}],"predecessor-version":[{"id":8032,"href":"https:\/\/www.alajarvenankkurit.fi\/yleisurheilu\/wp-json\/wp\/v2\/pages\/425\/revisions\/8032"}],"wp:attachment":[{"href":"https:\/\/www.alajarvenankkurit.fi\/yleisurheilu\/wp-json\/wp\/v2\/media?parent=425"}],"curies":[{"name":"wp","href":"https:\/\/api.w.org\/{rel}","templated":true}]}}

Seuraennätykset

<p>Seuraennätykset -osio päivitetty syksyllä 2025 ja koskee ulkoradoilla tehtyjä ennätyksiä. Tavoitteena on tehdä joskus myös halliennätyksille oma seuraennätyssivusto, hallitilastot ovat valmiina (<a href="https://www.alajarvenankkurit.fi/yleisurheilu/hallitilastot/">täällä</a>). Jos tiedät seuraennätyksiä tai huomaat mahdollisia virheitä, ilmoita Sari Yli-Mannilalle (<a href="http://www.alajarvenankkurit.fi/yleisurheilu/yhteystiedot/" target="_blank" rel="noreferrer noopener">yhteystiedot</a>).</p>



<p>Kunkin ikäluokan viralliset lajit on merkitty&nbsp;<strong>lihavoituna</strong>. Heittolajeista ikäluokkaa raskaammilla välineillä heitetyt tulokset on merkitty erityisesti silloin, jos ne ovat piirinennätyksiä.</p>



<h2 class="wp-block-heading"></h2>



<p> <a href="https://www.alajarvenankkurit.fi/yleisurheilu/seuraennatykset/miehet/">Miehet</a> <br> <a href="https://www.alajarvenankkurit.fi/yleisurheilu/seuraennatykset/naiset/">Naiset</a> </p>



<p><a href="https://www.alajarvenankkurit.fi/yleisurheilu/seuraennatykset/pojat/">Pojat</a> <br><a href="https://www.alajarvenankkurit.fi/yleisurheilu/seuraennatykset/tytot/">Tytöt</a><br></p>



<figure class="wp-block-image size-large is-style-default"><img loading="lazy" decoding="async" width="2048" height="1365" src="http://212.66.193.72/~cp4520516/yleisurheilu/wp-content/uploads/sites/2/2020/01/SM_mitalistit_2016_1-2048x1365.jpg" alt="" class="wp-image-750" srcset="https://www.alajarvenankkurit.fi/yleisurheilu/wp-content/uploads/sites/2/2020/01/SM_mitalistit_2016_1-2048x1365.jpg 2048w, https://www.alajarvenankkurit.fi/yleisurheilu/wp-content/uploads/sites/2/2020/01/SM_mitalistit_2016_1-300x200.jpg 300w, https://www.alajarvenankkurit.fi/yleisurheilu/wp-content/uploads/sites/2/2020/01/SM_mitalistit_2016_1-768x512.jpg 768w, https://www.alajarvenankkurit.fi/yleisurheilu/wp-content/uploads/sites/2/2020/01/SM_mitalistit_2016_1-1536x1024.jpg 1536w" sizes="auto, (max-width: 767px) 89vw, (max-width: 1000px) 54vw, (max-width: 1071px) 543px, 580px" /><figcaption class="wp-element-caption"> Vuoden 2016 SM-mitalisteilla on nimissään useita junioreiden seuraennätyksiä: Eucabeth Kivikangas, Roosa Latva-Laturi, Juhana Karjanlahti, Aleksi Yli-Mannila ja Oskari Leppäaho. </figcaption></figure>

<p>Seuraennätykset -osio päivitetty syksyllä 2025 ja koskee ulkoradoilla tehtyjä ennätyksiä. Tavoitteena on tehdä joskus myös halliennätyksille oma seuraennätyssivusto, hallitilastot ovat valmiina (täällä). Jos tiedät seuraennätyksiä tai huomaat mahdollisia virheitä, ilmoita Sari Yli-Mannilalle (yhteystiedot). Kunkin ikäluokan viralliset lajit on merkitty&nbsp;lihavoituna. Heittolajeista ikäluokkaa raskaammilla välineillä heitetyt tulokset on merkitty erityisesti silloin, jos ne ovat piirinennätyksiä. Miehet Naiset &hellip; </p>
<p class="link-more"><a href="https://www.alajarvenankkurit.fi/yleisurheilu/seuraennatykset/" class="more-link">Jatka lukemista<span class="screen-reader-text"> &#8221;Seuraennätykset&#8221;</span></a></p>
