{"id":3493,"date":"2022-03-26T20:22:04","date_gmt":"2022-03-26T18:22:04","guid":{"rendered":"https:\/\/www.alajarvenankkurit.fi\/yleisurheilu\/?page_id=3493"},"modified":"2026-04-12T21:51:52","modified_gmt":"2026-04-12T18:51:52","slug":"10v-tytot","status":"publish","type":"page","link":"https:\/\/www.alajarvenankkurit.fi\/yleisurheilu\/10v-tytot\/","title":{"rendered":"10v tyt\u00f6t (halli)"},"content":{"rendered":"\n<h2 class=\"wp-block-heading\"><strong>60 m<\/strong><\/h2>\n\n\n\n<figure class=\"wp-block-table\"><table><tbody><tr><td>9,33<\/td><td>Eucabeth Kivikangas -02<\/td><td>2012<\/td><\/tr><tr><td>9,36<\/td><td>Olivia Hietam\u00e4ki -16<\/td><td><strong>2026<\/strong><\/td><\/tr><tr><td>9,37<\/td><td>Roosa Latva-Laturi -02<\/td><td>2012<\/td><\/tr><tr><td>9,46<\/td><td>Valma Salom\u00e4ki -99<\/td><td>2009<\/td><\/tr><tr><td>9,5h<\/td><td>Vilma H\u00e4nninen -01<\/td><td>2011<\/td><\/tr><tr><td>9,77<\/td><td>Sara Vuorela -07<\/td><td>2017<\/td><\/tr><tr><td>9,78<\/td><td>Hilda Turja -15<\/td><td>2025<\/td><\/tr><tr><td>9,78<\/td><td>Katariina Lepp\u00e4aho -07<\/td><td>2017<\/td><\/tr><tr><td>9,81<\/td><td>Ellen Piispanen -15<\/td><td>2025<\/td><\/tr><tr><td>9,82<\/td><td>Emmi Piispanen -07<\/td><td>2017<\/td><\/tr><tr><td>9,92<\/td><td>Sini Nyg\u00e5rd -16<\/td><td><strong>2026<\/strong><\/td><\/tr><tr><td>10,06<\/td><td>Jemina Saarela -01<\/td><td>2011<\/td><\/tr><tr><td>10,16<\/td><td>Roosa Pessinen -12<\/td><td>2022<\/td><\/tr><tr><td>10,16<\/td><td>Rosaliina Penninkangas -98<\/td><td>2008<\/td><\/tr><tr><td>10,20<\/td><td>Vilma H\u00e4nninen -01<\/td><td>2010<\/td><\/tr><tr><td>10,29<\/td><td>Heidi Marjom\u00e4ki -00<\/td><td>2010<\/td><\/tr><\/tbody><\/table><\/figure>\n\n\n\n<h2 class=\"wp-block-heading\"><strong>150 m<\/strong><\/h2>\n\n\n\n<figure class=\"wp-block-table\"><table><tbody><tr><td>22,54<\/td><td>Eucabeth Kivikangas -02<\/td><td>2012<\/td><\/tr><tr><td>24,20<\/td><td>Valma Salom\u00e4ki -99<\/td><td>2009<\/td><\/tr><\/tbody><\/table><\/figure>\n\n\n\n<h2 class=\"wp-block-heading\"><strong>800 m<\/strong><\/h2>\n\n\n\n<figure class=\"wp-block-table\"><table><tbody><tr><td>2.57,36<\/td><td>Eucabeth Kivikangas -02<\/td><td>2011<\/td><\/tr><tr><td>3.16,46<\/td><td>Valma Salom\u00e4ki -99<\/td><td>2007<\/td><\/tr><\/tbody><\/table><\/figure>\n\n\n\n<h2 class=\"wp-block-heading\"><strong>1000 m<\/strong><\/h2>\n\n\n\n<figure class=\"wp-block-table\"><table><tbody><tr><td>3.37,9h<\/td><td>Eucabeth Kivikangas -02<\/td><td>2012<\/td><\/tr><tr><td>3.44,33<\/td><td>Sofia Kari -05<\/td><td>2015<\/td><\/tr><tr><td>3.46,60<\/td><td>Aada Piispanen -09<\/td><td>2019<\/td><\/tr><tr><td>3.48,6h<\/td><td>Katariina Lepp\u00e4aho -07<\/td><td>2017<\/td><\/tr><tr><td>3.49,58<\/td><td>Fiia Koskela -00<\/td><td>2010<\/td><\/tr><tr><td>3.52,97<\/td><td>Julia Ukonm\u00e4ki -00<\/td><td>2009<\/td><\/tr><tr><td>3.58,4h<\/td><td>Valma Salom\u00e4ki -99<\/td><td>2009<\/td><\/tr><tr><td>3.59,44<\/td><td>Rosaliina Penninkangas -98<\/td><td>2008<\/td><\/tr><tr><td>4.01,37<\/td><td>Veera Lehtim\u00e4ki -03<\/td><td>2013<\/td><\/tr><tr><td>4.03,81<\/td><td>Vilma Lehtim\u00e4ki -03<\/td><td>2013<\/td><\/tr><\/tbody><\/table><\/figure>\n\n\n\n<h2 class=\"wp-block-heading\"><strong>60 m aidat<\/strong><\/h2>\n\n\n\n<figure class=\"wp-block-table\"><table><tbody><tr><td>10,68<br>Piirinenn\u00e4tys<\/td><td>Valma Salom\u00e4ki -99<\/td><td>2009<\/td><\/tr><tr><td>11,15<\/td><td>Sara Vuorela -07<\/td><td>2017<\/td><\/tr><tr><td>11,1h<\/td><td>Eucabeth Kivikangas -02<\/td><td>2012<\/td><\/tr><tr><td>11,55<\/td><td>Katariina Lepp\u00e4aho -07<\/td><td>2017<\/td><\/tr><tr><td>11,56<\/td><td>Eucabeth Kivikangas -02<\/td><td>2012<\/td><\/tr><tr><td>11,57<\/td><td>Anniina Viitasaari -07<\/td><td>2017<\/td><\/tr><tr><td>12,52<\/td><td>Emmi Piispanen -07<\/td><td>2017<\/td><\/tr><tr><td>13,9h<\/td><td>Amanda Tuomela -05<\/td><td>2015<\/td><\/tr><\/tbody><\/table><\/figure>\n\n\n\n<h2 class=\"wp-block-heading\"><strong>Korkeus<\/strong><\/h2>\n\n\n\n<figure class=\"wp-block-table\"><table><tbody><tr><td>127<\/td><td>Olivia Hietam\u00e4ki -16<\/td><td><strong>2026<\/strong><\/td><\/tr><tr><td>125<\/td><td>Eucabeth Kivikangas -02<\/td><td>2012<\/td><\/tr><tr><td>120<\/td><td>Hilda Turja -15<\/td><td>2025<\/td><\/tr><tr><td>115<\/td><td>Ellen Piispanen -15<\/td><td>2025<\/td><\/tr><tr><td>110<\/td><td>Katariina Lepp\u00e4aho -07<\/td><td>2017<\/td><\/tr><\/tbody><\/table><\/figure>\n\n\n\n<h2 class=\"wp-block-heading\"><strong>Pituus<\/strong> (vy\u00f6hyke)<\/h2>\n\n\n\n<figure class=\"wp-block-table\"><table><tbody><tr><td>4,18<\/td><td>Eucabeth Kivikangas -02<\/td><td>2012<\/td><\/tr><tr><td>4,08<\/td><td>Roosa Latva-Laturi -02<\/td><td>2002<\/td><\/tr><tr><td>3,92<\/td><td>Hilda Turja -15<\/td><td>2025<\/td><\/tr><tr><td>3,79<\/td><td>Noomi Mattila -99<\/td><td>2009<\/td><\/tr><tr><td>3,75<\/td><td>Julia Ukonm\u00e4ki -00<\/td><td>2010<\/td><\/tr><tr><td>3,74<\/td><td>Vilma H\u00e4nninen -01<\/td><td>2011<\/td><\/tr><tr><td>3,70<\/td><td>Aada Piispanen -09<\/td><td>2019<\/td><\/tr><tr><td>3,65<\/td><td>Katariina Koivisto -97<\/td><td>2006<\/td><\/tr><tr><td>3,56<\/td><td>Valma Salom\u00e4ki -99<\/td><td>2008<\/td><\/tr><tr><td>3,55<\/td><td>Milja-Maria Lahti -06<\/td><td>2016<\/td><\/tr><tr><td>3,51<\/td><td>Amanda Tuomela -05<\/td><td>2015<\/td><\/tr><tr><td>3,47<\/td><td>Ellen Piispanen -15<\/td><td>2025<\/td><\/tr><tr><td>3,43<\/td><td>Sini Nyg\u00e5rd -16<\/td><td><strong>2026<\/strong><\/td><\/tr><tr><td>3,37<\/td><td>Olivia Hietam\u00e4ki -16<\/td><td>2025<\/td><\/tr><tr><td>3,37<\/td><td>Katariina Lepp\u00e4aho -07<\/td><td>2016<\/td><\/tr><tr><td>3,28<\/td><td>Heidi Marjom\u00e4ki -00<\/td><td>2010<\/td><\/tr><tr><td>3,24<\/td><td>Rosaliina Penninkangas -98<\/td><td>2008<\/td><\/tr><\/tbody><\/table><\/figure>\n\n\n\n<h2 class=\"wp-block-heading\"><strong>Kolmiloikka<\/strong> (vy\u00f6hyke)<\/h2>\n\n\n\n<figure class=\"wp-block-table\"><table><tbody><tr><td>7,78<\/td><td>Eucabeth Kivikangas -02<\/td><td>2011<\/td><\/tr><tr><td>7,29<\/td><td>Katariina Lepp\u00e4aho -07<\/td><td>2017<\/td><\/tr><\/tbody><\/table><\/figure>\n\n\n\n<h2 class=\"wp-block-heading\"><strong>Kuula 2 kg<\/strong><\/h2>\n\n\n\n<figure class=\"wp-block-table\"><table><tbody><tr><td>8,87<\/td><td>Hanna Siiril\u00e4 -09<\/td><td>2019<\/td><\/tr><tr><td>7,97<\/td><td>Maiju H\u00e4nninen -96<\/td><td>2006<\/td><\/tr><tr><td>7,84<\/td><td>Rosaliina Penninkangas -98<\/td><td>2008<\/td><\/tr><tr><td>7,42<\/td><td>Elli Mertaniemi -00<\/td><td>2010<\/td><\/tr><tr><td>7,29<\/td><td>Eucabeth Kivikangas -02<\/td><td>2012<\/td><\/tr><tr><td>7,06<\/td><td>Elina Sillanp\u00e4\u00e4 -82<\/td><td>1992<\/td><\/tr><tr><td>6,94<\/td><td>Emmi Pitk\u00e4kangas -07<\/td><td>2017<\/td><\/tr><tr><td>6,68<\/td><td>Sofia Kari -05<\/td><td>2015<\/td><\/tr><tr><td>6,33<\/td><td>Vilma H\u00e4nninen -01<\/td><td>2010<\/td><\/tr><tr><td>6,28<\/td><td>Olivia Hietam\u00e4ki -16<\/td><td><strong>2026<\/strong><\/td><\/tr><tr><td>6,09<\/td><td>Heidi Marjom\u00e4ki -00<\/td><td>2010<\/td><\/tr><tr><td>6,08<\/td><td>Katariina Lepp\u00e4aho -07<\/td><td>2017<\/td><\/tr><\/tbody><\/table><\/figure>\n\n\n\n<h2 class=\"wp-block-heading\"><strong>Keih\u00e4s 400 g<\/strong><\/h2>\n\n\n\n<figure class=\"wp-block-table\"><table><tbody><tr><td>17,75<\/td><td>Katariina Lepp\u00e4aho -07<\/td><td>2017<\/td><\/tr><tr><td>15,75<\/td><td>Vilma H\u00e4nninen -01<\/td><td>2011<\/td><\/tr><tr><td>15,53<\/td><td>Nelly Sillanp\u00e4\u00e4 -10<\/td><td>2019<\/td><\/tr><\/tbody><\/table><\/figure>\n\n\n\n<h2 class=\"wp-block-heading\"><strong>3-ottelu<\/strong><\/h2>\n\n\n\n<figure class=\"wp-block-table\"><table><tbody><tr><td>879<\/td><td>Eucabeth Kivikangas -02<\/td><td>2012<\/td><\/tr><tr><td>683<\/td><td>Rosaliina Penninkangas -98<\/td><td>2008<\/td><\/tr><tr><td>634<\/td><td>Katariina Lepp\u00e4aho -07<\/td><td>2017<\/td><\/tr><tr><td>635<\/td><td>Vilma H\u00e4nninen -01<\/td><td>2010<\/td><\/tr><tr><td>613<\/td><td>Heidi Marjom\u00e4ki -00<\/td><td>2010<\/td><\/tr><tr><td>452<\/td><td>Fiia Koskela -00<\/td><td>2010<\/td><\/tr><\/tbody><\/table><\/figure>\n","protected":false},"excerpt":{"rendered":"<p>60 m 9,33 Eucabeth Kivikangas -02 2012 9,36 Olivia Hietam\u00e4ki -16 2026 9,37 Roosa Latva-Laturi -02 2012 9,46 Valma Salom\u00e4ki -99 2009 9,5h Vilma H\u00e4nninen -01 2011 9,77 Sara Vuorela -07 2017 9,78 Hilda Turja -15 2025 9,78 Katariina Lepp\u00e4aho -07 2017 9,81 Ellen Piispanen -15 2025 9,82 Emmi Piispanen -07 2017 9,92 Sini Nyg\u00e5rd &hellip; <\/p>\n<p class=\"link-more\"><a href=\"https:\/\/www.alajarvenankkurit.fi\/yleisurheilu\/10v-tytot\/\" class=\"more-link\">Jatka lukemista<span class=\"screen-reader-text\"> &#8221;10v tyt\u00f6t (halli)&#8221;<\/span><\/a><\/p>\n","protected":false},"author":5,"featured_media":0,"parent":0,"menu_order":0,"comment_status":"closed","ping_status":"closed","template":"","meta":{"footnotes":""},"class_list":["post-3493","page","type-page","status-publish","hentry"],"_links":{"self":[{"href":"https:\/\/www.alajarvenankkurit.fi\/yleisurheilu\/wp-json\/wp\/v2\/pages\/3493","targetHints":{"allow":["GET"]}}],"collection":[{"href":"https:\/\/www.alajarvenankkurit.fi\/yleisurheilu\/wp-json\/wp\/v2\/pages"}],"about":[{"href":"https:\/\/www.alajarvenankkurit.fi\/yleisurheilu\/wp-json\/wp\/v2\/types\/page"}],"author":[{"embeddable":true,"href":"https:\/\/www.alajarvenankkurit.fi\/yleisurheilu\/wp-json\/wp\/v2\/users\/5"}],"replies":[{"embeddable":true,"href":"https:\/\/www.alajarvenankkurit.fi\/yleisurheilu\/wp-json\/wp\/v2\/comments?post=3493"}],"version-history":[{"count":15,"href":"https:\/\/www.alajarvenankkurit.fi\/yleisurheilu\/wp-json\/wp\/v2\/pages\/3493\/revisions"}],"predecessor-version":[{"id":8330,"href":"https:\/\/www.alajarvenankkurit.fi\/yleisurheilu\/wp-json\/wp\/v2\/pages\/3493\/revisions\/8330"}],"wp:attachment":[{"href":"https:\/\/www.alajarvenankkurit.fi\/yleisurheilu\/wp-json\/wp\/v2\/media?parent=3493"}],"curies":[{"name":"wp","href":"https:\/\/api.w.org\/{rel}","templated":true}]}}