{"id":3123,"date":"2022-01-08T22:58:52","date_gmt":"2022-01-08T20:58:52","guid":{"rendered":"https:\/\/www.alajarvenankkurit.fi\/yleisurheilu\/?page_id=3123"},"modified":"2026-04-12T23:13:24","modified_gmt":"2026-04-12T20:13:24","slug":"naiset-halli","status":"publish","type":"page","link":"https:\/\/www.alajarvenankkurit.fi\/yleisurheilu\/hallitilastot\/naiset-halli\/","title":{"rendered":"Naiset (halli)"},"content":{"rendered":"\n<h2 class=\"wp-block-heading\"><strong>60 m<\/strong><\/h2>\n\n\n\n<figure class=\"wp-block-table\"><table><tbody><tr><td>7,89<\/td><td>Kati Linnanm\u00e4ki -73<\/td><td>1991<\/td><\/tr><tr><td>8,10<\/td><td>Eucabeth Kivikangas -02<\/td><td>2019<\/td><\/tr><tr><td>8,15<\/td><td>Milja-Maria Lahti -06<\/td><td>2023<\/td><\/tr><tr><td>8,27<\/td><td>Katariina Lepp\u00e4aho -07<\/td><td>2024<\/td><\/tr><tr><td>8,35<\/td><td>Emilia Sillanp\u00e4\u00e4 -78<\/td><td>1995<\/td><\/tr><tr><td>8,42<\/td><td>Iida Koskela -94<\/td><td>2011<\/td><\/tr><tr><td>8,43<\/td><td>Susanna Saarimaa -75<\/td><td>1992<\/td><\/tr><tr><td>8,51<\/td><td>Sara Vuorela -07<\/td><td>2022<\/td><\/tr><tr><td>8,60<\/td><td>Valma Salom\u00e4ki -99<\/td><td>2009<\/td><\/tr><tr><td>8,60<\/td><td>Saara Rintala -95 <\/td><td>2013<\/td><\/tr><tr><td>8,62<\/td><td>Alisa Viinam\u00e4ki -05<\/td><td>2024<\/td><\/tr><tr><td>8,76<\/td><td>Siru Viitasaari -97<\/td><td>2011<\/td><\/tr><tr><td>8,82<\/td><td>Noomi Mattila -99<\/td><td>2012<\/td><\/tr><\/tbody><\/table><\/figure>\n\n\n\n<h2 class=\"wp-block-heading\"><strong>200 m<\/strong><\/h2>\n\n\n\n<figure class=\"wp-block-table\"><table><tbody><tr><td>26,31<\/td><td>Kati Linnanm\u00e4ki -73<\/td><td>1991<\/td><\/tr><tr><td>26,32<br>oversized<br>26,83<\/td><td>Eucabeth Kivikangas -02 <\/td><td>2019<br>2025<\/td><\/tr><tr><td>27,05<\/td><td>Emilia Sillanp\u00e4\u00e4 -78<\/td><td>1995<\/td><\/tr><tr><td>27,11<\/td><td>Katariina Lepp\u00e4aho -07<\/td><td>2025<\/td><\/tr><tr><td>27,95<\/td><td>Susanna Saarimaa -75<\/td><td>1992<\/td><\/tr><tr><td>28,33<br>28,54<br>oversized<\/td><td>Sara Vuorela -07<\/td><td>2025<br><br>2024<\/td><\/tr><tr><td>29,30<\/td><td>Anniina Viitasaari -07<\/td><td>2022<\/td><\/tr><tr><td>29,35<\/td><td>Alisa Viinam\u00e4ki -05<\/td><td>2024<\/td><\/tr><tr><td>29,40<br>oversized<\/td><td>Emilia Rantalahti -10<\/td><td><strong>2026<\/strong><\/td><\/tr><tr><td>29,41<\/td><td>Liinu J\u00e4rvinen -06<\/td><td><strong>2026<\/strong><\/td><\/tr><tr><td>29,47<\/td><td>Emmi Piispanen -07<\/td><td>2022<\/td><\/tr><tr><td>29,56<\/td><td>Seliina Kuoppa-aho -06<\/td><td>2020<\/td><\/tr><\/tbody><\/table><\/figure>\n\n\n\n<h2 class=\"wp-block-heading\"><strong>400 m<\/strong><\/h2>\n\n\n\n<figure class=\"wp-block-table\"><table><tbody><tr><td>61,24<\/td><td>Eucabeth Kivikangas -02 <\/td><td>2014<\/td><\/tr><tr><td>62,27<\/td><td>Helj\u00e4 Franssila -73<\/td><td>1991<\/td><\/tr><tr><td>62,91<\/td><td>Kati Linnanm\u00e4ki -73<\/td><td>1992<\/td><\/tr><tr><td>63,13<\/td><td>Hanna Salo -77<\/td><td>1994<\/td><\/tr><tr><td>66,70<\/td><td>Liinu J\u00e4rvinen -06<\/td><td>2024<\/td><\/tr><\/tbody><\/table><\/figure>\n\n\n\n<h2 class=\"wp-block-heading\"><strong>800 m<\/strong><\/h2>\n\n\n\n<figure class=\"wp-block-table\"><table><tbody><tr><td>2.17,66<br>2.18,34<br>oversized<\/td><td>Helj\u00e4 Franssila -73<\/td><td>1995<br>1993<\/td><\/tr><tr><td>2.22,33<\/td><td>Hanna Salo -77<\/td><td>1993<\/td><\/tr><tr><td>2.23,65<\/td><td>Netta Valli -80<\/td><td>1996<\/td><\/tr><tr><td>2.23,94<br>oversized<br>2.26,12<\/td><td>Viola Takala -08<\/td><td><strong>2026<\/strong><\/td><\/tr><tr><td>2.27,23<br>oversized<br>2.31,03<\/td><td>Eucabeth Kivikangas -02<\/td><td>2025<\/td><\/tr><tr><td>2.27,82<br>2.32,30<br>oversized<\/td><td>Liinu J\u00e4rvinen -06<\/td><td>2023<\/td><\/tr><tr><td>2.33,27<br>oversized<br>2.41,23<\/td><td>Seliina Kuoppa-aho -06<\/td><td>2020<\/td><\/tr><tr><td>2.34,49<br>oversized<\/td><td>Ilona Takala -06<\/td><td><strong>2026<\/strong><\/td><\/tr><tr><td>2.37,67<br>oversized<br>2.43,76<\/td><td>Katariina Lepp\u00e4aho -07<\/td><td>2025<\/td><\/tr><\/tbody><\/table><\/figure>\n\n\n\n<h2 class=\"wp-block-heading\"><strong>1500 m<\/strong><\/h2>\n\n\n\n<figure class=\"wp-block-table\"><table><tbody><tr><td>4.39,93<br>4.41,38<br>oversized<\/td><td>Helj\u00e4 Franssila -73<\/td><td>1994<br>1995<\/td><\/tr><tr><td>5.08,5h<\/td><td>Netta Valli -80<\/td><td>1996<\/td><\/tr><tr><td>5.17,11<br>oversized<br>5.17,22<\/td><td>Ilona Takala -06<\/td><td><strong>2026<\/strong><br>2025<\/td><\/tr><\/tbody><\/table><\/figure>\n\n\n\n<h2 class=\"wp-block-heading\"><strong>3000 m<\/strong><\/h2>\n\n\n\n<figure class=\"wp-block-table\"><table><tbody><tr><td>10.04,48<br>oversized<\/td><td>Helj\u00e4 Franssila -73<\/td><td>1995<\/td><\/tr><\/tbody><\/table><\/figure>\n\n\n\n<h2 class=\"wp-block-heading\"><strong>60 m aidat<\/strong> (84 cm)<\/h2>\n\n\n\n<figure class=\"wp-block-table\"><table><tbody><tr><td>8,84<br>8,4h<\/td><td>Tuija Rajala -64<\/td><td>1985<\/td><\/tr><tr><td>9,14<\/td><td>Eucabeth Kivikangas -02<\/td><td><strong>2026<\/strong><\/td><\/tr><tr><td>9,24<\/td><td>Katariina Lepp\u00e4aho -07<\/td><td>2025<\/td><\/tr><tr><td>9,52<\/td><td>Suvi Pitk\u00e4nen -86<\/td><td>2003<\/td><\/tr><tr><td>9,62<\/td><td>Emilia Sillanp\u00e4\u00e4 -78<\/td><td>1996<\/td><\/tr><\/tbody><\/table><\/figure>\n\n\n\n<h2 class=\"wp-block-heading\"><strong>300 m aidat<\/strong><\/h2>\n\n\n\n<figure class=\"wp-block-table\"><table><tbody><tr><td>45,65<\/td><td>Katariina Lepp\u00e4aho -07<\/td><td>2024<\/td><\/tr><tr><td>48,96<\/td><td>Eucabeth Kivikangas -02<\/td><td>2017<\/td><\/tr><tr><td>52,96<\/td><td>Valma Salom\u00e4ki -99<\/td><td>2013<\/td><\/tr><\/tbody><\/table><\/figure>\n\n\n\n<h2 class=\"wp-block-heading\"><strong>Korkeus<\/strong><\/h2>\n\n\n\n<figure class=\"wp-block-table\"><table><tbody><tr><td>169<\/td><td>Suvi Pitk\u00e4nen -86<\/td><td>2004<\/td><\/tr><tr><td>160<\/td><td>Katariina Lepp\u00e4aho -07<\/td><td>2025<\/td><\/tr><tr><td>159<\/td><td>Eucabeth Kivikangas -02<\/td><td>2025<\/td><\/tr><tr><td>158<\/td><td>Iida Koskela -94<\/td><td>2009<\/td><\/tr><tr><td>157<\/td><td>Anne Juuti -74<\/td><td>1991<\/td><\/tr><tr><td>153<\/td><td>Essi Hautam\u00e4ki -95<\/td><td>2007<\/td><\/tr><\/tbody><\/table><\/figure>\n\n\n\n<h2 class=\"wp-block-heading\"><strong>Seiv\u00e4s<\/strong><\/h2>\n\n\n\n<figure class=\"wp-block-table\"><table><tbody><tr><td>275<\/td><td>Ilona Takala -06<\/td><td>2020<\/td><\/tr><tr><td>220<\/td><td>Fiia Koskela -00<\/td><td>2013<\/td><\/tr><tr><td>220<\/td><td>Viola Takala -08<\/td><td>2021<\/td><\/tr><tr><td>200<\/td><td>Sofia Koskela -95<\/td><td>2008<\/td><\/tr><\/tbody><\/table><\/figure>\n\n\n\n<h2 class=\"wp-block-heading\"><strong>Pituus<\/strong><\/h2>\n\n\n\n<figure class=\"wp-block-table\"><table><tbody><tr><td>5,96<\/td><td>Anne Juuti -74<\/td><td>1994<\/td><\/tr><tr><td>5,46<\/td><td>Eucabeth Kivikangas -02<\/td><td>2025<\/td><\/tr><tr><td>5,20<\/td><td>Kati Linnanm\u00e4ki -73<\/td><td>1989<\/td><\/tr><tr><td>5,20<\/td><td>Iida Koskela -94<\/td><td>2010<\/td><\/tr><tr><td>4,85<\/td><td>Katariina Lepp\u00e4aho -07<\/td><td>2025<\/td><\/tr><tr><td>4,85<\/td><td>Saara Rintala -95<\/td><td>2008<\/td><\/tr><tr><td>4,65<\/td><td>Milja-Maria Lahti -06<\/td><td>2021<\/td><\/tr><tr><td>4,56<\/td><td>Seliina Kuoppa-aho -06<\/td><td>2021<\/td><\/tr><\/tbody><\/table><\/figure>\n\n\n\n<h2 class=\"wp-block-heading\"><strong>Kolmiloikka<\/strong><\/h2>\n\n\n\n<figure class=\"wp-block-table\"><table><tbody><tr><td>10,87<\/td><td>Anne Juuti -74<\/td><td>1992<\/td><\/tr><tr><td>10,27<\/td><td>Eucabeth Kivikangas -02 <\/td><td>2015<\/td><\/tr><tr><td>10,07<\/td><td>Seliina Kuoppa-aho -06<\/td><td>2019<\/td><\/tr><tr><td>9,80<\/td><td>Heidi Marjom\u00e4ki -00<\/td><td>2015<\/td><\/tr><tr><td>9,71<\/td><td>Saara Rintala -95<\/td><td>2008<\/td><\/tr><tr><td>9,48<\/td><td>Roosa Latva-Laturi -02<\/td><td>2017<\/td><\/tr><tr><td>9,36<\/td><td>Sofia Koskela -95<\/td><td>2009<\/td><\/tr><\/tbody><\/table><\/figure>\n\n\n\n<h2 class=\"wp-block-heading\"><strong>Kuula 4 kg<\/strong><\/h2>\n\n\n\n<figure class=\"wp-block-table\"><table><tbody><tr><td>14,17<\/td><td>Minna-Marjatta Liimatainen -93 <\/td><td>2012<\/td><\/tr><tr><td>13,31<\/td><td>Eucabeth Kivikangas -02 <\/td><td>2025<\/td><\/tr><tr><td>10,00<\/td><td>Katariina Lepp\u00e4aho -07<\/td><td>2025<\/td><\/tr><tr><td>8,93<\/td><td>Sara Vuorela -07<\/td><td>2025<\/td><\/tr><\/tbody><\/table><\/figure>\n\n\n\n<h2 class=\"wp-block-heading\"><strong>Kiekko 1 kg<\/strong><\/h2>\n\n\n\n<figure class=\"wp-block-table\"><table><tbody><tr><td>35,92<\/td><td>Hanna Siiril\u00e4 -09<\/td><td><strong>2026<\/strong><\/td><\/tr><\/tbody><\/table><\/figure>\n\n\n\n<h2 class=\"wp-block-heading\"><strong>Keih\u00e4s 600 g<\/strong><\/h2>\n\n\n\n<figure class=\"wp-block-table\"><table><tbody><tr><td>46,76<\/td><td>Elina Sillanp\u00e4\u00e4 -82<\/td><td>2000<\/td><\/tr><\/tbody><\/table><\/figure>\n\n\n\n<h2 class=\"wp-block-heading\"><strong>Viisiottelu <\/strong><\/h2>\n\n\n\n<figure class=\"wp-block-table\"><table><tbody><tr><td>3683<\/td><td>Eucabeth Kivikangas -02<\/td><td>2025<\/td><\/tr><tr><td>3194<\/td><td>Katariina Lepp\u00e4aho -07<\/td><td>2025<\/td><\/tr><\/tbody><\/table><\/figure>\n\n\n\n<p><\/p>\n","protected":false},"excerpt":{"rendered":"<p>60 m 7,89 Kati Linnanm\u00e4ki -73 1991 8,10 Eucabeth Kivikangas -02 2019 8,15 Milja-Maria Lahti -06 2023 8,27 Katariina Lepp\u00e4aho -07 2024 8,35 Emilia Sillanp\u00e4\u00e4 -78 1995 8,42 Iida Koskela -94 2011 8,43 Susanna Saarimaa -75 1992 8,51 Sara Vuorela -07 2022 8,60 Valma Salom\u00e4ki -99 2009 8,60 Saara Rintala -95 2013 8,62 Alisa Viinam\u00e4ki &hellip; <\/p>\n<p class=\"link-more\"><a href=\"https:\/\/www.alajarvenankkurit.fi\/yleisurheilu\/hallitilastot\/naiset-halli\/\" class=\"more-link\">Jatka lukemista<span class=\"screen-reader-text\"> &#8221;Naiset (halli)&#8221;<\/span><\/a><\/p>\n","protected":false},"author":5,"featured_media":0,"parent":3118,"menu_order":0,"comment_status":"closed","ping_status":"closed","template":"","meta":{"footnotes":""},"class_list":["post-3123","page","type-page","status-publish","hentry"],"_links":{"self":[{"href":"https:\/\/www.alajarvenankkurit.fi\/yleisurheilu\/wp-json\/wp\/v2\/pages\/3123","targetHints":{"allow":["GET"]}}],"collection":[{"href":"https:\/\/www.alajarvenankkurit.fi\/yleisurheilu\/wp-json\/wp\/v2\/pages"}],"about":[{"href":"https:\/\/www.alajarvenankkurit.fi\/yleisurheilu\/wp-json\/wp\/v2\/types\/page"}],"author":[{"embeddable":true,"href":"https:\/\/www.alajarvenankkurit.fi\/yleisurheilu\/wp-json\/wp\/v2\/users\/5"}],"replies":[{"embeddable":true,"href":"https:\/\/www.alajarvenankkurit.fi\/yleisurheilu\/wp-json\/wp\/v2\/comments?post=3123"}],"version-history":[{"count":17,"href":"https:\/\/www.alajarvenankkurit.fi\/yleisurheilu\/wp-json\/wp\/v2\/pages\/3123\/revisions"}],"predecessor-version":[{"id":8350,"href":"https:\/\/www.alajarvenankkurit.fi\/yleisurheilu\/wp-json\/wp\/v2\/pages\/3123\/revisions\/8350"}],"up":[{"embeddable":true,"href":"https:\/\/www.alajarvenankkurit.fi\/yleisurheilu\/wp-json\/wp\/v2\/pages\/3118"}],"wp:attachment":[{"href":"https:\/\/www.alajarvenankkurit.fi\/yleisurheilu\/wp-json\/wp\/v2\/media?parent=3123"}],"curies":[{"name":"wp","href":"https:\/\/api.w.org\/{rel}","templated":true}]}}