{"version":"1.0","provider_name":"Alaj\u00e4rven Ankkurit \/ Yleisurheilu","provider_url":"https:\/\/www.alajarvenankkurit.fi\/yleisurheilu","author_name":"P\u00e4ivitt\u00e4j\u00e4","author_url":"https:\/\/www.alajarvenankkurit.fi\/yleisurheilu\/author\/sari\/","title":"Kalevan Kisat 2023 - Mikko pistesijalle - Alaj\u00e4rven Ankkurit \/ Yleisurheilu","type":"rich","width":600,"height":338,"html":"<blockquote class=\"wp-embedded-content\" data-secret=\"KLSHMzKTpr\"><a href=\"https:\/\/www.alajarvenankkurit.fi\/yleisurheilu\/tuloksia\/2023\/kalevan-kisat-2023-mikko-pistesijalle\/\">Kalevan Kisat 2023 &#8211; Mikko pistesijalle<\/a><\/blockquote><iframe sandbox=\"allow-scripts\" security=\"restricted\" src=\"https:\/\/www.alajarvenankkurit.fi\/yleisurheilu\/tuloksia\/2023\/kalevan-kisat-2023-mikko-pistesijalle\/embed\/#?secret=KLSHMzKTpr\" width=\"600\" height=\"338\" title=\"&#8221;Kalevan Kisat 2023 &#8211; Mikko pistesijalle&#8221; &#8212; Alaj\u00e4rven Ankkurit \/ Yleisurheilu\" data-secret=\"KLSHMzKTpr\" frameborder=\"0\" marginwidth=\"0\" marginheight=\"0\" scrolling=\"no\" class=\"wp-embedded-content\"><\/iframe><script>\n\/*! This file is auto-generated *\/\n!function(d,l){\"use strict\";l.querySelector&&d.addEventListener&&\"undefined\"!=typeof URL&&(d.wp=d.wp||{},d.wp.receiveEmbedMessage||(d.wp.receiveEmbedMessage=function(e){var t=e.data;if((t||t.secret||t.message||t.value)&&!\/[^a-zA-Z0-9]\/.test(t.secret)){for(var s,r,n,a=l.querySelectorAll('iframe[data-secret=\"'+t.secret+'\"]'),o=l.querySelectorAll('blockquote[data-secret=\"'+t.secret+'\"]'),c=new RegExp(\"^https?:$\",\"i\"),i=0;i<o.length;i++)o[i].style.display=\"none\";for(i=0;i<a.length;i++)s=a[i],e.source===s.contentWindow&&(s.removeAttribute(\"style\"),\"height\"===t.message?(1e3<(r=parseInt(t.value,10))?r=1e3:~~r<200&&(r=200),s.height=r):\"link\"===t.message&&(r=new URL(s.getAttribute(\"src\")),n=new URL(t.value),c.test(n.protocol))&&n.host===r.host&&l.activeElement===s&&(d.top.location.href=t.value))}},d.addEventListener(\"message\",d.wp.receiveEmbedMessage,!1),l.addEventListener(\"DOMContentLoaded\",function(){for(var e,t,s=l.querySelectorAll(\"iframe.wp-embedded-content\"),r=0;r<s.length;r++)(t=(e=s[r]).getAttribute(\"data-secret\"))||(t=Math.random().toString(36).substring(2,12),e.src+=\"#?secret=\"+t,e.setAttribute(\"data-secret\",t)),e.contentWindow.postMessage({message:\"ready\",secret:t},\"*\")},!1)))}(window,document);\n\/\/# sourceURL=https:\/\/www.alajarvenankkurit.fi\/yleisurheilu\/wp-includes\/js\/wp-embed.min.js\n<\/script>\n","description":"Lahdessa 27.-30.7. j\u00e4rjestetyt Kalevan Kisat eiv\u00e4t t\u00e4ll\u00e4 kertaa tarjonneet Ankkureille suurta juhlan aihetta. Paras sijoitus oli Mikko Paavolan viides sija seip\u00e4\u00e4ss\u00e4 tuloksella 515. H\u00e4n avasi kisakautensa seip\u00e4\u00e4n karsinnassa ja selvisi vaivatta finaaliin. Mikko loukkaantui kev\u00e4\u00e4ll\u00e4 eik\u00e4 kilpailuhyppyj\u00e4 ole viel\u00e4 ehtinyt kerty\u00e4 riitt\u00e4v\u00e4sti t\u00e4yden vauhdin hyppyihin. Linkki Mikon haastatteluun (YLEn TV-l\u00e4hetys kohdalla 6:28-7:05). Ankkureiden toinen mitalitoivo &hellip; Jatka lukemista \"\"","thumbnail_url":"https:\/\/www.alajarvenankkurit.fi\/yleisurheilu\/wp-content\/uploads\/sites\/2\/2023\/08\/Antti_KK_10000m-1536x2048.jpg"}

Alajärven Ankkurit / Yleisurheilu

Päivittäjä

Kalevan Kisat 2023 - Mikko pistesijalle - Alajärven Ankkurit / Yleisurheilu

<blockquote class="wp-embedded-content" data-secret="KLSHMzKTpr"><a href="https://www.alajarvenankkurit.fi/yleisurheilu/tuloksia/2023/kalevan-kisat-2023-mikko-pistesijalle/">Kalevan Kisat 2023 &#8211; Mikko pistesijalle</a></blockquote><iframe sandbox="allow-scripts" security="restricted" src="https://www.alajarvenankkurit.fi/yleisurheilu/tuloksia/2023/kalevan-kisat-2023-mikko-pistesijalle/embed/#?secret=KLSHMzKTpr" width="600" height="338" title="&#8221;Kalevan Kisat 2023 &#8211; Mikko pistesijalle&#8221; &#8212; Alajärven Ankkurit / Yleisurheilu" data-secret="KLSHMzKTpr" frameborder="0" marginwidth="0" marginheight="0" scrolling="no" class="wp-embedded-content"></iframe><script>
/*! This file is auto-generated */
!function(d,l){"use strict";l.querySelector&&d.addEventListener&&"undefined"!=typeof URL&&(d.wp=d.wp||{},d.wp.receiveEmbedMessage||(d.wp.receiveEmbedMessage=function(e){var t=e.data;if((t||t.secret||t.message||t.value)&&!/[^a-zA-Z0-9]/.test(t.secret)){for(var s,r,n,a=l.querySelectorAll('iframe[data-secret="'+t.secret+'"]'),o=l.querySelectorAll('blockquote[data-secret="'+t.secret+'"]'),c=new RegExp("^https?:$","i"),i=0;i<o.length;i++)o[i].style.display="none";for(i=0;i<a.length;i++)s=a[i],e.source===s.contentWindow&&(s.removeAttribute("style"),"height"===t.message?(1e3<(r=parseInt(t.value,10))?r=1e3:~~r<200&&(r=200),s.height=r):"link"===t.message&&(r=new URL(s.getAttribute("src")),n=new URL(t.value),c.test(n.protocol))&&n.host===r.host&&l.activeElement===s&&(d.top.location.href=t.value))}},d.addEventListener("message",d.wp.receiveEmbedMessage,!1),l.addEventListener("DOMContentLoaded",function(){for(var e,t,s=l.querySelectorAll("iframe.wp-embedded-content"),r=0;r<s.length;r++)(t=(e=s[r]).getAttribute("data-secret"))||(t=Math.random().toString(36).substring(2,12),e.src+="#?secret="+t,e.setAttribute("data-secret",t)),e.contentWindow.postMessage({message:"ready",secret:t},"*")},!1)))}(window,document);
//# sourceURL=https://www.alajarvenankkurit.fi/yleisurheilu/wp-includes/js/wp-embed.min.js
</script>

Lahdessa 27.-30.7. järjestetyt Kalevan Kisat eivät tällä kertaa tarjonneet Ankkureille suurta juhlan aihetta. Paras sijoitus oli Mikko Paavolan viides sija seipäässä tuloksella 515. Hän avasi kisakautensa seipään karsinnassa ja selvisi vaivatta finaaliin. Mikko loukkaantui keväällä eikä kilpailuhyppyjä ole vielä ehtinyt kertyä riittävästi täyden vauhdin hyppyihin. Linkki Mikon haastatteluun (YLEn TV-lähetys kohdalla 6:28-7:05). Ankkureiden toinen mitalitoivo &hellip; Jatka lukemista ""
